CRAN Package Check Results for Package multicolor

Last updated on 2023-02-08 07:54:36 CET.

Flavor Version Tinstall Tcheck Ttotal Status Flags
r-devel-linux-x86_64-debian-clang 0.1.6 2.27 518.35 520.62 ERROR
r-devel-linux-x86_64-debian-gcc 0.1.6 2.25 377.59 379.84 ERROR
r-devel-linux-x86_64-fedora-clang 0.1.6 551.30 ERROR
r-devel-linux-x86_64-fedora-gcc 0.1.6 616.67 ERROR
r-devel-windows-x86_64 0.1.6 24.00 118.00 142.00 OK
r-patched-linux-x86_64 0.1.6 2.71 479.78 482.49 ERROR
r-release-linux-x86_64 0.1.6 2.73 482.69 485.42 ERROR
r-release-macos-arm64 0.1.6 32.00 OK
r-release-macos-x86_64 0.1.6 39.00 OK
r-release-windows-x86_64 0.1.6 15.00 77.00 92.00 OK
r-oldrel-macos-arm64 0.1.6 36.00 OK
r-oldrel-macos-x86_64 0.1.6 41.00 OK
r-oldrel-windows-ix86+x86_64 0.1.6 9.00 108.00 117.00 OK

Check Details

Version: 0.1.6
Check: tests
Result: ERROR
     Running ‘testthat.R’ [442s/530s]
    Running the tests in ‘tests/testthat.R’ failed.
    Complete output:
     > library(testthat)
     > library(multicolor)
     Colors cannot be applied in this environment. Please use another application, such as RStudio or a color-enabled terminal.
     Colors cannot be applied in this environment. Please use another application, such as RStudio or a color-enabled terminal.
     >
     > test_check("multicolor")
     [ FAIL 1 | WARN 0 | SKIP 1 | PASS 29 ]
    
     ══ Skipped tests ═══════════════════════════════════════════════════════════════
     • use_color() is not TRUE (1)
    
     ══ Failed tests ════════════════════════════════════════════════════════════════
     ── Failure ('test-multicolor.R:103'): colors(), including grays, rainbow, and rbg work ──
     `suppressMessages(...)` produced warnings.
    
     [ FAIL 1 | WARN 0 | SKIP 1 | PASS 29 ]
     Error: Test failures
     Execution halted
Flavor: r-devel-linux-x86_64-debian-clang

Version: 0.1.6
Check: tests
Result: ERROR
     Running ‘testthat.R’ [320s/493s]
    Running the tests in ‘tests/testthat.R’ failed.
    Complete output:
     > library(testthat)
     > library(multicolor)
     Colors cannot be applied in this environment. Please use another application, such as RStudio or a color-enabled terminal.
     Colors cannot be applied in this environment. Please use another application, such as RStudio or a color-enabled terminal.
     >
     > test_check("multicolor")
     [ FAIL 1 | WARN 0 | SKIP 1 | PASS 29 ]
    
     ══ Skipped tests ═══════════════════════════════════════════════════════════════
     • use_color() is not TRUE (1)
    
     ══ Failed tests ════════════════════════════════════════════════════════════════
     ── Failure ('test-multicolor.R:103'): colors(), including grays, rainbow, and rbg work ──
     `suppressMessages(...)` produced warnings.
    
     [ FAIL 1 | WARN 0 | SKIP 1 | PASS 29 ]
     Error: Test failures
     Execution halted
Flavor: r-devel-linux-x86_64-debian-gcc

Version: 0.1.6
Check: dependencies in R code
Result: NOTE
    Namespace in Imports field not imported from: ‘cowsay’
     All declared Imports should be used.
Flavors: r-devel-linux-x86_64-fedora-clang, r-devel-linux-x86_64-fedora-gcc

Version: 0.1.6
Check: tests
Result: ERROR
     Running ‘testthat.R’ [8m/12m]
    Running the tests in ‘tests/testthat.R’ failed.
    Complete output:
     > library(testthat)
     > library(multicolor)
     Colors cannot be applied in this environment. Please use another application, such as RStudio or a color-enabled terminal.
     Colors cannot be applied in this environment. Please use another application, such as RStudio or a color-enabled terminal.
     >
     > test_check("multicolor")
     [ FAIL 1 | WARN 0 | SKIP 1 | PASS 29 ]
    
     ══ Skipped tests ═══════════════════════════════════════════════════════════════
     • use_color() is not TRUE (1)
    
     ══ Failed tests ════════════════════════════════════════════════════════════════
     ── Failure ('test-multicolor.R:103'): colors(), including grays, rainbow, and rbg work ──
     `suppressMessages(...)` produced warnings.
    
     [ FAIL 1 | WARN 0 | SKIP 1 | PASS 29 ]
     Error: Test failures
     Execution halted
Flavor: r-devel-linux-x86_64-fedora-clang

Version: 0.1.6
Check: tests
Result: ERROR
     Running ‘testthat.R’ [9m/10m]
    Running the tests in ‘tests/testthat.R’ failed.
    Complete output:
     > library(testthat)
     > library(multicolor)
     Colors cannot be applied in this environment. Please use another application, such as RStudio or a color-enabled terminal.
     Colors cannot be applied in this environment. Please use another application, such as RStudio or a color-enabled terminal.
     >
     > test_check("multicolor")
     [ FAIL 1 | WARN 0 | SKIP 1 | PASS 29 ]
    
     ══ Skipped tests ═══════════════════════════════════════════════════════════════
     • use_color() is not TRUE (1)
    
     ══ Failed tests ════════════════════════════════════════════════════════════════
     ── Failure ('test-multicolor.R:103'): colors(), including grays, rainbow, and rbg work ──
     `suppressMessages(...)` produced warnings.
    
     [ FAIL 1 | WARN 0 | SKIP 1 | PASS 29 ]
     Error: Test failures
     Execution halted
Flavor: r-devel-linux-x86_64-fedora-gcc

Version: 0.1.6
Check: tests
Result: ERROR
     Running ‘testthat.R’ [407s/452s]
    Running the tests in ‘tests/testthat.R’ failed.
    Complete output:
     > library(testthat)
     > library(multicolor)
     Colors cannot be applied in this environment. Please use another application, such as RStudio or a color-enabled terminal.
     Colors cannot be applied in this environment. Please use another application, such as RStudio or a color-enabled terminal.
     >
     > test_check("multicolor")
     [ FAIL 1 | WARN 0 | SKIP 1 | PASS 29 ]
    
     ══ Skipped tests ═══════════════════════════════════════════════════════════════
     • use_color() is not TRUE (1)
    
     ══ Failed tests ════════════════════════════════════════════════════════════════
     ── Failure ('test-multicolor.R:103'): colors(), including grays, rainbow, and rbg work ──
     `suppressMessages(...)` produced warnings.
    
     [ FAIL 1 | WARN 0 | SKIP 1 | PASS 29 ]
     Error: Test failures
     Execution halted
Flavor: r-patched-linux-x86_64

Version: 0.1.6
Check: tests
Result: ERROR
     Running ‘testthat.R’ [412s/441s]
    Running the tests in ‘tests/testthat.R’ failed.
    Complete output:
     > library(testthat)
     > library(multicolor)
     Colors cannot be applied in this environment. Please use another application, such as RStudio or a color-enabled terminal.
     Colors cannot be applied in this environment. Please use another application, such as RStudio or a color-enabled terminal.
     >
     > test_check("multicolor")
     [ FAIL 1 | WARN 0 | SKIP 1 | PASS 29 ]
    
     ══ Skipped tests ═══════════════════════════════════════════════════════════════
     • use_color() is not TRUE (1)
    
     ══ Failed tests ════════════════════════════════════════════════════════════════
     ── Failure ('test-multicolor.R:103'): colors(), including grays, rainbow, and rbg work ──
     `suppressMessages(...)` produced warnings.
    
     [ FAIL 1 | WARN 0 | SKIP 1 | PASS 29 ]
     Error: Test failures
     Execution halted
Flavor: r-release-linux-x86_64