CRAN Package Check Results for Package mulgar

Last updated on 2024-02-20 09:00:38 CET.

Flavor Version Tinstall Tcheck Ttotal Status Flags
r-devel-linux-x86_64-debian-clang 1.0.2 OK
r-devel-linux-x86_64-debian-gcc 1.0.2 7.29 42.42 49.71 OK
r-devel-linux-x86_64-fedora-clang 1.0.2 79.51 OK
r-devel-linux-x86_64-fedora-gcc 1.0.2 75.94 OK
r-devel-windows-x86_64 1.0.2 8.00 67.00 75.00 OK
r-patched-linux-x86_64 1.0.2 5.52 53.95 59.47 OK
r-release-linux-x86_64 1.0.2 5.25 52.82 58.07 OK
r-release-macos-arm64 1.0.2 32.00 NOTE
r-release-macos-x86_64 1.0.2 51.00 NOTE
r-release-windows-x86_64 1.0.2 11.00 80.00 91.00 OK
r-oldrel-macos-arm64 1.0.2 39.00 NOTE
r-oldrel-windows-x86_64 1.0.2 12.00 79.00 91.00 OK

Check Details

Version: 1.0.2
Check: installed package size
Result: NOTE installed size is 5.7Mb sub-directories of 1Mb or more: data 5.5Mb Flavors: r-release-macos-arm64, r-release-macos-x86_64, r-oldrel-macos-arm64