CRAN Package Check Results for Package mstrio

Last updated on 2023-01-31 07:54:18 CET.

Flavor Version Tinstall Tcheck Ttotal Status Flags
r-devel-linux-x86_64-debian-clang 11.3.5.101 14.38 56.82 71.20 OK
r-devel-linux-x86_64-debian-gcc 11.3.5.101 9.22 41.77 50.99 OK
r-devel-linux-x86_64-fedora-clang 11.3.5.101 86.01 NOTE
r-devel-linux-x86_64-fedora-gcc 11.3.5.101 96.45 NOTE
r-devel-windows-x86_64 11.3.5.101 71.00 88.00 159.00 OK
r-patched-linux-x86_64 11.3.5.101 11.82 53.20 65.02 OK
r-release-linux-x86_64 11.3.5.101 10.53 53.53 64.06 OK
r-release-macos-arm64 11.3.5.101 28.00 NOTE
r-release-macos-x86_64 11.3.5.101 42.00 NOTE
r-release-windows-x86_64 11.3.5.101 35.00 95.00 130.00 OK
r-oldrel-macos-arm64 11.3.5.101 27.00 NOTE
r-oldrel-macos-x86_64 11.3.5.101 40.00 NOTE
r-oldrel-windows-ix86+x86_64 11.3.5.101 25.00 82.00 107.00 OK

Check Details

Version: 11.3.5.101
Check: dependencies in R code
Result: NOTE
    Namespaces in Imports field not imported from:
     ‘markdown’ ‘methods’ ‘vctrs’
     All declared Imports should be used.
Flavors: r-devel-linux-x86_64-fedora-clang, r-devel-linux-x86_64-fedora-gcc, r-release-macos-arm64, r-release-macos-x86_64, r-oldrel-macos-arm64, r-oldrel-macos-x86_64