Last updated on 2023-06-01 07:57:06 CEST.
Flavor | Version | Tinstall | Tcheck | Ttotal | Status | Flags |
---|---|---|---|---|---|---|
r-devel-linux-x86_64-debian-clang | 1.7 | 31.13 | 247.86 | 278.99 | OK | |
r-devel-linux-x86_64-debian-gcc | 1.7 | 23.35 | 191.29 | 214.64 | OK | |
r-devel-linux-x86_64-fedora-clang | 1.7 | 342.44 | OK | |||
r-devel-linux-x86_64-fedora-gcc | 1.7 | 343.76 | OK | |||
r-devel-windows-x86_64 | 1.7 | 25.00 | 233.00 | 258.00 | OK | |
r-patched-linux-x86_64 | 1.7 | OK | ||||
r-release-linux-x86_64 | 1.7 | 26.21 | 241.65 | 267.86 | OK | |
r-release-macos-arm64 | 1.7 | 121.00 | OK | |||
r-release-macos-x86_64 | 1.7 | 210.00 | NOTE | |||
r-release-windows-x86_64 | 1.7 | 33.00 | 283.00 | 316.00 | OK | |
r-oldrel-macos-arm64 | 1.7 | 117.00 | OK | |||
r-oldrel-macos-x86_64 | 1.7 | 141.00 | OK | |||
r-oldrel-windows-x86_64 | 1.7 | 33.00 | 269.00 | 302.00 | OK |
Version: 1.7
Check: package dependencies
Result: NOTE
Package suggested but not available for checking: ‘flexsurv’
Flavor: r-release-macos-x86_64
Version: 1.7
Check: Rd cross-references
Result: NOTE
Package unavailable to check Rd xrefs: ‘flexsurv’
Flavor: r-release-macos-x86_64