Last updated on 2023-12-01 07:50:12 CET.
Flavor | Version | Tinstall | Tcheck | Ttotal | Status | Flags |
---|---|---|---|---|---|---|
r-devel-linux-x86_64-debian-clang | 7.5.1 | 31.48 | 226.85 | 258.33 | OK | |
r-devel-linux-x86_64-debian-gcc | 7.5.1 | 29.44 | 179.34 | 208.78 | OK | |
r-devel-linux-x86_64-fedora-clang | 7.5.1 | 348.70 | NOTE | |||
r-devel-linux-x86_64-fedora-gcc | 7.5.1 | 348.17 | OK | |||
r-devel-windows-x86_64 | 7.5.1 | 33.00 | 207.00 | 240.00 | NOTE | |
r-patched-linux-x86_64 | 7.5.1 | 29.82 | 227.02 | 256.84 | OK | |
r-release-linux-x86_64 | 7.5.1 | 31.87 | 213.85 | 245.72 | OK | |
r-release-macos-arm64 | 7.5.1 | 132.00 | NOTE | |||
r-release-macos-x86_64 | 7.5.1 | 208.00 | NOTE | |||
r-release-windows-x86_64 | 7.5.1 | 39.00 | 244.00 | 283.00 | NOTE | |
r-oldrel-macos-arm64 | 7.5.1 | 164.00 | NOTE | |||
r-oldrel-macos-x86_64 | 7.5.1 | 295.00 | NOTE | |||
r-oldrel-windows-x86_64 | 7.5.1 | 39.00 | 241.00 | 280.00 | NOTE |
Version: 7.5.1
Check: installed package size
Result: NOTE
installed size is 6.0Mb
sub-directories of 1Mb or more:
R 5.9Mb
Flavors: r-devel-linux-x86_64-fedora-clang, r-devel-windows-x86_64, r-release-macos-arm64, r-release-macos-x86_64, r-release-windows-x86_64, r-oldrel-macos-arm64, r-oldrel-macos-x86_64, r-oldrel-windows-x86_64