Last updated on 2023-02-04 08:01:21 CET.
Flavor | Version | Tinstall | Tcheck | Ttotal | Status | Flags |
---|---|---|---|---|---|---|
r-devel-linux-x86_64-debian-clang | 7.5.1 | 32.28 | 242.27 | 274.55 | OK | |
r-devel-linux-x86_64-debian-gcc | 7.5.1 | 27.25 | 175.81 | 203.06 | OK | |
r-devel-linux-x86_64-fedora-clang | 7.5.1 | 400.47 | NOTE | |||
r-devel-linux-x86_64-fedora-gcc | 7.5.1 | 415.44 | OK | |||
r-devel-windows-x86_64 | 7.5.1 | 40.00 | 268.00 | 308.00 | NOTE | |
r-patched-linux-x86_64 | 7.5.1 | 32.64 | 233.16 | 265.80 | OK | |
r-release-linux-x86_64 | 7.5.1 | 30.53 | 235.85 | 266.38 | OK | |
r-release-macos-arm64 | 7.5.1 | 164.00 | NOTE | |||
r-release-macos-x86_64 | 7.5.1 | 295.00 | NOTE | |||
r-release-windows-x86_64 | 7.5.1 | 38.00 | 401.00 | 439.00 | NOTE | |
r-oldrel-macos-arm64 | 7.5.1 | 140.00 | NOTE | |||
r-oldrel-macos-x86_64 | 7.5.1 | 182.00 | NOTE | |||
r-oldrel-windows-ix86+x86_64 | 7.5.1 | 57.00 | 303.00 | 360.00 | NOTE |
Version: 7.5.1
Check: installed package size
Result: NOTE
installed size is 6.0Mb
sub-directories of 1Mb or more:
R 5.9Mb
Flavors: r-devel-linux-x86_64-fedora-clang, r-devel-windows-x86_64, r-release-macos-arm64, r-release-macos-x86_64, r-release-windows-x86_64, r-oldrel-macos-arm64, r-oldrel-macos-x86_64, r-oldrel-windows-ix86+x86_64