CRAN Package Check Results for Package mshap

Last updated on 2023-01-30 09:54:18 CET.

Flavor Version Tinstall Tcheck Ttotal Status Flags
r-devel-linux-x86_64-debian-clang 0.1.0 2.85 46.78 49.63 OK
r-devel-linux-x86_64-debian-gcc 0.1.0 1.86 35.45 37.31 OK
r-devel-linux-x86_64-fedora-clang 0.1.0 60.72 NOTE
r-devel-linux-x86_64-fedora-gcc 0.1.0 68.88 NOTE
r-devel-windows-x86_64 0.1.0 16.00 83.00 99.00 OK
r-patched-linux-x86_64 0.1.0 2.27 44.32 46.59 OK
r-release-linux-x86_64 0.1.0 2.16 43.12 45.28 OK
r-release-macos-arm64 0.1.0 27.00 NOTE
r-release-macos-x86_64 0.1.0 41.00 NOTE
r-release-windows-x86_64 0.1.0 16.00 96.00 112.00 OK
r-oldrel-macos-arm64 0.1.0 36.00 NOTE
r-oldrel-macos-x86_64 0.1.0 31.00 NOTE
r-oldrel-windows-ix86+x86_64 0.1.0 7.00 74.00 81.00 OK

Check Details

Version: 0.1.0
Check: dependencies in R code
Result: NOTE
    Namespace in Imports field not imported from: ‘tidyselect’
     All declared Imports should be used.
Flavors: r-devel-linux-x86_64-fedora-clang, r-devel-linux-x86_64-fedora-gcc, r-release-macos-arm64, r-release-macos-x86_64, r-oldrel-macos-arm64, r-oldrel-macos-x86_64