CRAN Package Check Results for Package msgr

Last updated on 2023-01-30 09:54:18 CET.

Flavor Version Tinstall Tcheck Ttotal Status Flags
r-devel-linux-x86_64-debian-clang 1.1.2 3.93 35.86 39.79 NOTE
r-devel-linux-x86_64-debian-gcc 1.1.2 3.23 28.18 31.41 NOTE
r-devel-linux-x86_64-fedora-clang 1.1.2 50.51 NOTE
r-devel-linux-x86_64-fedora-gcc 1.1.2 48.71 NOTE
r-devel-windows-x86_64 1.1.2 18.00 72.00 90.00 NOTE
r-patched-linux-x86_64 1.1.2 4.35 35.21 39.56 NOTE
r-release-linux-x86_64 1.1.2 3.45 35.18 38.63 NOTE
r-release-macos-arm64 1.1.2 18.00 NOTE
r-release-macos-x86_64 1.1.2 26.00 NOTE
r-release-windows-x86_64 1.1.2 17.00 70.00 87.00 NOTE
r-oldrel-macos-arm64 1.1.2 22.00 NOTE
r-oldrel-macos-x86_64 1.1.2 33.00 NOTE
r-oldrel-windows-ix86+x86_64 1.1.2 9.00 68.00 77.00 NOTE

Check Details

Version: 1.1.2
Check: LazyData
Result: NOTE
     'LazyData' is specified without a 'data' directory
Flavors: r-devel-linux-x86_64-debian-clang, r-devel-linux-x86_64-debian-gcc, r-devel-linux-x86_64-fedora-clang, r-devel-linux-x86_64-fedora-gcc, r-devel-windows-x86_64, r-patched-linux-x86_64, r-release-linux-x86_64, r-release-macos-arm64, r-release-macos-x86_64, r-release-windows-x86_64, r-oldrel-macos-arm64, r-oldrel-macos-x86_64, r-oldrel-windows-ix86+x86_64