CRAN Package Check Results for Package msgr

Last updated on 2024-03-02 06:52:01 CET.

Flavor Version Tinstall Tcheck Ttotal Status Flags
r-devel-linux-x86_64-debian-clang 1.1.2 4.07 37.77 41.84 NOTE
r-devel-linux-x86_64-debian-gcc 1.1.2 3.17 29.25 32.42 NOTE
r-devel-linux-x86_64-fedora-clang 1.1.2 51.70 NOTE
r-devel-linux-x86_64-fedora-gcc 1.1.2 49.15 NOTE
r-devel-windows-x86_64 1.1.2 5.00 52.00 57.00 NOTE
r-patched-linux-x86_64 1.1.2 4.49 36.88 41.37 NOTE
r-release-linux-x86_64 1.1.2 3.71 36.85 40.56 NOTE
r-release-macos-arm64 1.1.2 24.00 NOTE
r-release-macos-x86_64 1.1.2 28.00 NOTE
r-release-windows-x86_64 1.1.2 6.00 57.00 63.00 NOTE
r-oldrel-macos-arm64 1.1.2 18.00 NOTE
r-oldrel-windows-x86_64 1.1.2 5.00 56.00 61.00 NOTE

Check Details

Version: 1.1.2
Check: LazyData
Result: NOTE 'LazyData' is specified without a 'data' directory Flavors: r-devel-linux-x86_64-debian-clang, r-devel-linux-x86_64-debian-gcc, r-devel-linux-x86_64-fedora-clang, r-devel-linux-x86_64-fedora-gcc, r-devel-windows-x86_64, r-patched-linux-x86_64, r-release-linux-x86_64, r-release-macos-arm64, r-release-macos-x86_64, r-release-windows-x86_64, r-oldrel-macos-arm64, r-oldrel-windows-x86_64