CRAN Package Check Results for Package msaenet

Last updated on 2023-01-27 07:50:38 CET.

Flavor Version Tinstall Tcheck Ttotal Status Flags
r-devel-linux-x86_64-debian-clang 3.1 10.28 142.50 152.78 NOTE
r-devel-linux-x86_64-debian-gcc 3.1 7.90 107.96 115.86 NOTE
r-devel-linux-x86_64-fedora-clang 3.1 190.35 NOTE
r-devel-linux-x86_64-fedora-gcc 3.1 197.59 NOTE
r-patched-linux-x86_64 3.1 11.36 137.92 149.28 NOTE
r-release-linux-x86_64 3.1 9.91 140.93 150.84 NOTE
r-release-macos-arm64 3.1 56.00 NOTE
r-release-macos-x86_64 3.1 79.00 NOTE
r-release-windows-x86_64 3.1 32.00 182.00 214.00 NOTE
r-oldrel-macos-arm64 3.1 73.00 NOTE
r-oldrel-macos-x86_64 3.1 133.00 NOTE
r-oldrel-windows-ix86+x86_64 3.1 21.00 180.00 201.00 NOTE

Check Details

Version: 3.1
Check: LazyData
Result: NOTE
     'LazyData' is specified without a 'data' directory
Flavors: r-devel-linux-x86_64-debian-clang, r-devel-linux-x86_64-debian-gcc, r-devel-linux-x86_64-fedora-clang, r-devel-linux-x86_64-fedora-gcc, r-patched-linux-x86_64, r-release-linux-x86_64, r-release-macos-arm64, r-release-macos-x86_64, r-release-windows-x86_64, r-oldrel-macos-arm64, r-oldrel-macos-x86_64, r-oldrel-windows-ix86+x86_64