CRAN Package Check Results for Package mrregression

Last updated on 2023-02-09 07:56:55 CET.

Flavor Version Tinstall Tcheck Ttotal Status Flags
r-devel-linux-x86_64-debian-clang 1.0.0 3.60 34.93 38.53 OK
r-devel-linux-x86_64-debian-gcc 1.0.0 2.61 26.51 29.12 OK
r-devel-linux-x86_64-fedora-clang 1.0.0 47.28 NOTE
r-devel-linux-x86_64-fedora-gcc 1.0.0 45.56 OK
r-devel-windows-x86_64 1.0.0 30.00 67.00 97.00 OK
r-patched-linux-x86_64 1.0.0 2.70 32.71 35.41 OK
r-release-linux-x86_64 1.0.0 3.15 33.25 36.40 OK
r-release-macos-arm64 1.0.0 19.00 OK
r-release-macos-x86_64 1.0.0 26.00 OK
r-release-windows-x86_64 1.0.0 24.00 71.00 95.00 OK
r-oldrel-macos-arm64 1.0.0 22.00 OK
r-oldrel-macos-x86_64 1.0.0 33.00 OK
r-oldrel-windows-ix86+x86_64 1.0.0 9.00 60.00 69.00 OK

Check Details

Version: 1.0.0
Check: Rd cross-references
Result: NOTE
    Undeclared package ‘speedglm’ in Rd xrefs
Flavor: r-devel-linux-x86_64-fedora-clang