Last updated on 2023-12-01 07:50:12 CET.
Flavor | Version | Tinstall | Tcheck | Ttotal | Status | Flags |
---|---|---|---|---|---|---|
r-devel-linux-x86_64-debian-clang | 1.0.0 | 3.20 | 36.11 | 39.31 | OK | |
r-devel-linux-x86_64-debian-gcc | 1.0.0 | 2.42 | 27.51 | 29.93 | OK | |
r-devel-linux-x86_64-fedora-clang | 1.0.0 | 48.87 | NOTE | |||
r-devel-linux-x86_64-fedora-gcc | 1.0.0 | 46.66 | OK | |||
r-devel-windows-x86_64 | 1.0.0 | 3.00 | 49.00 | 52.00 | OK | |
r-patched-linux-x86_64 | 1.0.0 | 3.47 | 34.85 | 38.32 | OK | |
r-release-linux-x86_64 | 1.0.0 | 3.23 | 35.13 | 38.36 | OK | |
r-release-macos-arm64 | 1.0.0 | 19.00 | OK | |||
r-release-macos-x86_64 | 1.0.0 | 27.00 | OK | |||
r-release-windows-x86_64 | 1.0.0 | 4.00 | 49.00 | 53.00 | OK | |
r-oldrel-macos-arm64 | 1.0.0 | 21.00 | OK | |||
r-oldrel-macos-x86_64 | 1.0.0 | 26.00 | OK | |||
r-oldrel-windows-x86_64 | 1.0.0 | 5.00 | 54.00 | 59.00 | OK |
Version: 1.0.0
Check: Rd cross-references
Result: NOTE
Undeclared package ‘speedglm’ in Rd xrefs
Flavor: r-devel-linux-x86_64-fedora-clang