Last updated on 2023-01-29 07:56:09 CET.
Flavor | Version | Tinstall | Tcheck | Ttotal | Status | Flags |
---|---|---|---|---|---|---|
r-devel-linux-x86_64-debian-clang | 0.2.1 | 8.46 | 115.22 | 123.68 | OK | |
r-devel-linux-x86_64-debian-gcc | 0.2.1 | 6.49 | 84.86 | 91.35 | OK | |
r-devel-linux-x86_64-fedora-clang | 0.2.1 | 152.91 | NOTE | |||
r-devel-linux-x86_64-fedora-gcc | 0.2.1 | 159.32 | OK | |||
r-devel-windows-x86_64 | 0.2.1 | 61.00 | 168.00 | 229.00 | OK | |
r-patched-linux-x86_64 | 0.2.1 | 10.74 | 108.23 | 118.97 | OK | |
r-release-linux-x86_64 | 0.2.1 | 7.34 | 112.65 | 119.99 | OK | |
r-release-macos-arm64 | 0.2.1 | 48.00 | OK | |||
r-release-macos-x86_64 | 0.2.1 | 91.00 | OK | |||
r-release-windows-x86_64 | 0.2.1 | 39.00 | 165.00 | 204.00 | OK | |
r-oldrel-macos-arm64 | 0.2.1 | 46.00 | OK | |||
r-oldrel-macos-x86_64 | 0.2.1 | 63.00 | OK | |||
r-oldrel-windows-ix86+x86_64 | 0.2.1 | 20.00 | 162.00 | 182.00 | OK |
Version: 0.2.1
Check: Rd cross-references
Result: NOTE
Undeclared package ‘processx’ in Rd xrefs
Flavor: r-devel-linux-x86_64-fedora-clang