Last updated on 2023-02-05 07:57:29 CET.
Flavor | Version | Tinstall | Tcheck | Ttotal | Status | Flags |
---|---|---|---|---|---|---|
r-devel-linux-x86_64-debian-clang | 1.2.1.1 | 27.23 | 92.40 | 119.63 | NOTE | |
r-devel-linux-x86_64-debian-gcc | 1.2.1.1 | 24.76 | 66.07 | 90.83 | NOTE | |
r-devel-linux-x86_64-fedora-clang | 1.2.1.1 | 161.79 | NOTE | |||
r-devel-linux-x86_64-fedora-gcc | 1.2.1.1 | 161.86 | NOTE | |||
r-devel-windows-x86_64 | 1.2.1.1 | 49.00 | 160.00 | 209.00 | NOTE | |
r-patched-linux-x86_64 | 1.2.1.1 | 19.47 | 84.19 | 103.66 | NOTE | |
r-release-linux-x86_64 | 1.2.1.1 | 25.45 | 86.08 | 111.53 | NOTE | |
r-release-macos-arm64 | 1.2.1.1 | 52.00 | NOTE | |||
r-release-macos-x86_64 | 1.2.1.1 | 76.00 | NOTE | |||
r-release-windows-x86_64 | 1.2.1.1 | 47.00 | 165.00 | 212.00 | NOTE | |
r-oldrel-macos-arm64 | 1.2.1.1 | 53.00 | NOTE | |||
r-oldrel-macos-x86_64 | 1.2.1.1 | 78.00 | NOTE | |||
r-oldrel-windows-ix86+x86_64 | 1.2.1.1 | 73.00 | 198.00 | 271.00 | NOTE |
Version: 1.2.1.1
Check: LazyData
Result: NOTE
'LazyData' is specified without a 'data' directory
Flavors: r-devel-linux-x86_64-debian-clang, r-devel-linux-x86_64-debian-gcc, r-devel-linux-x86_64-fedora-clang, r-devel-linux-x86_64-fedora-gcc, r-devel-windows-x86_64, r-patched-linux-x86_64, r-release-linux-x86_64, r-release-macos-arm64, r-release-macos-x86_64, r-release-windows-x86_64, r-oldrel-macos-arm64, r-oldrel-macos-x86_64, r-oldrel-windows-ix86+x86_64