Last updated on 2025-01-25 07:50:34 CET.
Flavor | Version | Tinstall | Tcheck | Ttotal | Status | Flags |
---|---|---|---|---|---|---|
r-devel-linux-x86_64-debian-clang | 0.2.1 | 3.09 | 46.09 | 49.18 | NOTE | |
r-devel-linux-x86_64-debian-gcc | 0.2.1 | 2.27 | 34.08 | 36.35 | NOTE | |
r-devel-linux-x86_64-fedora-clang | 0.2.1 | 79.10 | OK | |||
r-devel-linux-x86_64-fedora-gcc | 0.2.1 | 92.36 | NOTE | |||
r-devel-windows-x86_64 | 0.2.1 | 5.00 | 66.00 | 71.00 | OK | |
r-patched-linux-x86_64 | 0.2.1 | 2.37 | 42.28 | 44.65 | OK | |
r-release-linux-x86_64 | 0.2.1 | 2.20 | 42.39 | 44.59 | OK | |
r-release-macos-arm64 | 0.2.1 | 37.00 | OK | |||
r-release-macos-x86_64 | 0.2.1 | 52.00 | OK | |||
r-release-windows-x86_64 | 0.2.1 | 6.00 | 62.00 | 68.00 | OK | |
r-oldrel-macos-arm64 | 0.2.1 | 36.00 | OK | |||
r-oldrel-macos-x86_64 | 0.2.1 | 61.00 | OK | |||
r-oldrel-windows-x86_64 | 0.2.1 | 5.00 | 75.00 | 80.00 | OK |
Version: 0.2.1
Check: DESCRIPTION meta-information
Result: NOTE
Missing dependency on R >= 4.1.0 because package code uses the pipe
|> or function shorthand \(...) syntax added in R 4.1.0.
File(s) using such syntax:
‘compute-contribution.R’ ‘compute-headcount-ratio-adjusted.R’
‘compute-headcount-ratio.R’ ‘compute-mpi.R’
‘create-deprivation-matrix.R’ ‘define-deprivation.R’
‘define-mpi-specs.R’ ‘helpers.R’ ‘save_mpi.R’ ‘write-as-excel.R’
Flavors: r-devel-linux-x86_64-debian-clang, r-devel-linux-x86_64-debian-gcc, r-devel-linux-x86_64-fedora-gcc