Last updated on 2023-02-03 06:50:25 CET.
Flavor | Version | Tinstall | Tcheck | Ttotal | Status | Flags |
---|---|---|---|---|---|---|
r-devel-linux-x86_64-debian-clang | 1.1.2 | 10.88 | 260.12 | 271.00 | OK | |
r-devel-linux-x86_64-debian-gcc | 1.1.2 | 8.87 | 190.58 | 199.45 | OK | |
r-devel-linux-x86_64-fedora-clang | 1.1.2 | 296.20 | NOTE | |||
r-devel-linux-x86_64-fedora-gcc | 1.1.2 | 333.13 | OK | |||
r-devel-windows-x86_64 | 1.1.2 | 302.00 | 309.00 | 611.00 | OK | |
r-patched-linux-x86_64 | 1.1.2 | 9.13 | 240.79 | 249.92 | OK | |
r-release-linux-x86_64 | 1.1.2 | 9.20 | 246.35 | 255.55 | OK | |
r-release-macos-arm64 | 1.1.2 | 93.00 | OK | |||
r-release-macos-x86_64 | 1.1.2 | 119.00 | OK | |||
r-release-windows-x86_64 | 1.1.2 | 394.00 | 290.00 | 684.00 | OK | |
r-oldrel-macos-arm64 | 1.1.2 | 89.00 | OK | |||
r-oldrel-macos-x86_64 | 1.1.2 | 117.00 | OK | |||
r-oldrel-windows-ix86+x86_64 | 1.1.2 | 23.00 | 308.00 | 331.00 | OK |
Version: 1.1.2
Check: Rd cross-references
Result: NOTE
Undeclared package ‘future’ in Rd xrefs
Flavor: r-devel-linux-x86_64-fedora-clang