Last updated on 2023-01-28 08:00:40 CET.
Flavor | Version | Tinstall | Tcheck | Ttotal | Status | Flags |
---|---|---|---|---|---|---|
r-devel-linux-x86_64-debian-clang | 2.1.3 | 24.75 | 270.25 | 295.00 | OK | |
r-devel-linux-x86_64-debian-gcc | 2.1.3 | 17.79 | 192.64 | 210.43 | NOTE | |
r-devel-linux-x86_64-fedora-clang | 2.1.3 | 355.26 | NOTE | |||
r-devel-linux-x86_64-fedora-gcc | 2.1.3 | 384.11 | NOTE | |||
r-patched-linux-x86_64 | 2.1.3 | 19.09 | 249.80 | 268.89 | OK | |
r-release-linux-x86_64 | 2.1.3 | 20.10 | 249.83 | 269.93 | OK | |
r-release-macos-arm64 | 2.1.3 | 85.00 | OK | |||
r-release-macos-x86_64 | 2.1.3 | 121.00 | OK | |||
r-release-windows-x86_64 | 2.1.3 | 46.00 | 311.00 | 357.00 | OK | |
r-oldrel-macos-arm64 | 2.1.3 | 97.00 | OK | |||
r-oldrel-macos-x86_64 | 2.1.3 | 186.00 | OK | |||
r-oldrel-windows-ix86+x86_64 | 2.1.3 | 45.00 | 386.00 | 431.00 | OK |
Version: 2.1.3
Check: C++ specification
Result: NOTE
Specified C++11: please update to current default of C++17
Flavors: r-devel-linux-x86_64-debian-gcc, r-devel-linux-x86_64-fedora-clang, r-devel-linux-x86_64-fedora-gcc