Last updated on 2023-06-10 08:00:28 CEST.
Flavor | Version | Tinstall | Tcheck | Ttotal | Status | Flags |
---|---|---|---|---|---|---|
r-devel-linux-x86_64-debian-clang | 0.6.1 | 113.80 | 127.82 | 241.62 | OK | |
r-devel-linux-x86_64-debian-gcc | 0.6.1 | 81.21 | 91.64 | 172.85 | OK | |
r-devel-linux-x86_64-fedora-clang | 0.6.1 | 321.98 | OK | |||
r-devel-linux-x86_64-fedora-gcc | 0.6.1 | 347.02 | OK | |||
r-devel-windows-x86_64 | 0.6.1 | 83.00 | 138.00 | 221.00 | OK | |
r-patched-linux-x86_64 | 0.6.1 | 90.68 | 121.87 | 212.55 | OK | |
r-release-linux-x86_64 | 0.6.1 | 88.89 | 117.70 | 206.59 | OK | |
r-release-macos-arm64 | 0.6.1 | 96.00 | NOTE | |||
r-release-macos-x86_64 | 0.6.1 | 148.00 | NOTE | |||
r-release-windows-x86_64 | 0.6.1 | 108.00 | 162.00 | 270.00 | OK | |
r-oldrel-macos-arm64 | 0.6.1 | 81.00 | NOTE | |||
r-oldrel-macos-x86_64 | 0.6.1 | 120.00 | NOTE | |||
r-oldrel-windows-x86_64 | 0.6.1 | 102.00 | 155.00 | 257.00 | OK |
Version: 0.6.1
Check: installed package size
Result: NOTE
installed size is 6.4Mb
sub-directories of 1Mb or more:
libs 3.1Mb
raster 2.2Mb
Flavors: r-release-macos-arm64, r-release-macos-x86_64, r-oldrel-macos-arm64, r-oldrel-macos-x86_64