Last updated on 2023-01-29 07:56:09 CET.
Flavor | Version | Tinstall | Tcheck | Ttotal | Status | Flags |
---|---|---|---|---|---|---|
r-devel-linux-x86_64-debian-clang | 0.3.0 | 9.61 | 102.82 | 112.43 | OK | |
r-devel-linux-x86_64-debian-gcc | 0.3.0 | 7.33 | 75.61 | 82.94 | OK | |
r-devel-linux-x86_64-fedora-clang | 0.3.0 | 132.28 | NOTE | |||
r-devel-linux-x86_64-fedora-gcc | 0.3.0 | 139.23 | NOTE | |||
r-devel-windows-x86_64 | 0.3.0 | 45.00 | 145.00 | 190.00 | OK | |
r-patched-linux-x86_64 | 0.3.0 | 8.93 | 97.60 | 106.53 | OK | |
r-release-linux-x86_64 | 0.3.0 | 7.38 | 96.20 | 103.58 | OK | |
r-release-macos-arm64 | 0.3.0 | 45.00 | NOTE | |||
r-release-macos-x86_64 | 0.3.0 | 71.00 | NOTE | |||
r-release-windows-x86_64 | 0.3.0 | 72.00 | 143.00 | 215.00 | OK | |
r-oldrel-macos-arm64 | 0.3.0 | 55.00 | NOTE | |||
r-oldrel-macos-x86_64 | 0.3.0 | 66.00 | NOTE | |||
r-oldrel-windows-ix86+x86_64 | 0.3.0 | 25.00 | 135.00 | 160.00 | OK |
Version: 0.3.0
Check: dependencies in R code
Result: NOTE
Namespaces in Imports field not imported from:
‘MASS’ ‘caret’ ‘ggformula’ ‘knitr’ ‘testthat’ ‘tidyverse’
All declared Imports should be used.
Flavors: r-devel-linux-x86_64-fedora-clang, r-devel-linux-x86_64-fedora-gcc, r-release-macos-arm64, r-release-macos-x86_64, r-oldrel-macos-arm64, r-oldrel-macos-x86_64