CRAN Package Check Results for Package mortyr

Last updated on 2023-01-27 07:50:38 CET.

Flavor Version Tinstall Tcheck Ttotal Status Flags
r-devel-linux-x86_64-debian-clang 0.0.2 2.25 25.57 27.82 NOTE
r-devel-linux-x86_64-debian-gcc 0.0.2 1.61 20.29 21.90 NOTE
r-devel-linux-x86_64-fedora-clang 0.0.2 35.21 NOTE
r-devel-linux-x86_64-fedora-gcc 0.0.2 33.65 NOTE
r-patched-linux-x86_64 0.0.2 2.18 25.88 28.06 NOTE
r-release-linux-x86_64 0.0.2 1.84 26.48 28.32 NOTE
r-release-macos-arm64 0.0.2 34.00 NOTE
r-release-macos-x86_64 0.0.2 44.00 NOTE
r-release-windows-x86_64 0.0.2 11.00 64.00 75.00 NOTE
r-oldrel-macos-arm64 0.0.2 41.00 NOTE
r-oldrel-macos-x86_64 0.0.2 46.00 NOTE
r-oldrel-windows-ix86+x86_64 0.0.2 6.00 53.00 59.00 NOTE

Check Details

Version: 0.0.2
Check: LazyData
Result: NOTE
     'LazyData' is specified without a 'data' directory
Flavors: r-devel-linux-x86_64-debian-clang, r-devel-linux-x86_64-debian-gcc, r-devel-linux-x86_64-fedora-clang, r-devel-linux-x86_64-fedora-gcc, r-patched-linux-x86_64, r-release-linux-x86_64, r-release-macos-arm64, r-release-macos-x86_64, r-release-windows-x86_64, r-oldrel-macos-arm64, r-oldrel-macos-x86_64, r-oldrel-windows-ix86+x86_64