Last updated on 2023-02-03 06:50:25 CET.
Flavor | Version | Tinstall | Tcheck | Ttotal | Status | Flags |
---|---|---|---|---|---|---|
r-devel-linux-x86_64-debian-clang | 1.1 | 4.95 | 46.83 | 51.78 | OK | |
r-devel-linux-x86_64-debian-gcc | 1.1 | 3.84 | 35.06 | 38.90 | OK | |
r-devel-linux-x86_64-fedora-clang | 1.1 | 64.48 | NOTE | |||
r-devel-linux-x86_64-fedora-gcc | 1.1 | 61.58 | OK | |||
r-devel-windows-x86_64 | 1.1 | 29.00 | 86.00 | 115.00 | NOTE | |
r-patched-linux-x86_64 | 1.1 | 5.31 | 43.54 | 48.85 | OK | |
r-release-linux-x86_64 | 1.1 | 3.64 | 43.26 | 46.90 | OK | |
r-release-macos-arm64 | 1.1 | 22.00 | NOTE | |||
r-release-macos-x86_64 | 1.1 | 39.00 | NOTE | |||
r-release-windows-x86_64 | 1.1 | 29.00 | 82.00 | 111.00 | NOTE | |
r-oldrel-macos-arm64 | 1.1 | 26.00 | NOTE | |||
r-oldrel-macos-x86_64 | 1.1 | 43.00 | NOTE | |||
r-oldrel-windows-ix86+x86_64 | 1.1 | 11.00 | 86.00 | 97.00 | NOTE |
Version: 1.1
Check: installed package size
Result: NOTE
installed size is 7.4Mb
sub-directories of 1Mb or more:
data 2.1Mb
Flavors: r-devel-linux-x86_64-fedora-clang, r-devel-windows-x86_64, r-release-macos-arm64, r-release-macos-x86_64, r-release-windows-x86_64, r-oldrel-macos-arm64, r-oldrel-macos-x86_64, r-oldrel-windows-ix86+x86_64