Last updated on 2023-02-04 08:01:21 CET.
Flavor | Version | Tinstall | Tcheck | Ttotal | Status | Flags |
---|---|---|---|---|---|---|
r-devel-linux-x86_64-debian-clang | 1.1.0 | 19.45 | 57.97 | 77.42 | OK | |
r-devel-linux-x86_64-debian-gcc | 1.1.0 | 15.71 | 43.34 | 59.05 | OK | |
r-devel-linux-x86_64-fedora-clang | 1.1.0 | 106.43 | NOTE | |||
r-devel-linux-x86_64-fedora-gcc | 1.1.0 | 101.13 | NOTE | |||
r-devel-windows-x86_64 | 1.1.0 | 51.00 | 102.00 | 153.00 | OK | |
r-patched-linux-x86_64 | 1.1.0 | 20.74 | 55.55 | 76.29 | OK | |
r-release-linux-x86_64 | 1.1.0 | 16.33 | 54.40 | 70.73 | OK | |
r-release-macos-arm64 | 1.1.0 | 39.00 | OK | |||
r-release-macos-x86_64 | 1.1.0 | 50.00 | OK | |||
r-release-windows-x86_64 | 1.1.0 | 50.00 | 101.00 | 151.00 | OK | |
r-oldrel-macos-arm64 | 1.1.0 | 47.00 | OK | |||
r-oldrel-macos-x86_64 | 1.1.0 | 54.00 | OK | |||
r-oldrel-windows-ix86+x86_64 | 1.1.0 | 31.00 | 91.00 | 122.00 | OK |
Version: 1.1.0
Check: Rd cross-references
Result: NOTE
Undeclared package ‘caret’ in Rd xrefs
Flavor: r-devel-linux-x86_64-fedora-clang
Version: 1.1.0
Check: data for non-ASCII characters
Result: NOTE
Note: found 313 marked UTF-8 strings
Flavors: r-devel-linux-x86_64-fedora-clang, r-devel-linux-x86_64-fedora-gcc