CRAN Package Check Results for Package modeest

Last updated on 2023-02-03 06:50:25 CET.

Flavor Version Tinstall Tcheck Ttotal Status Flags
r-devel-linux-x86_64-debian-clang 2.4.0 8.09 61.60 69.69 NOTE
r-devel-linux-x86_64-debian-gcc 2.4.0 5.33 45.82 51.15 NOTE
r-devel-linux-x86_64-fedora-clang 2.4.0 87.51 NOTE
r-devel-linux-x86_64-fedora-gcc 2.4.0 88.00 NOTE
r-devel-windows-x86_64 2.4.0 31.00 98.00 129.00 NOTE
r-patched-linux-x86_64 2.4.0 5.34 57.80 63.14 NOTE
r-release-linux-x86_64 2.4.0 7.27 58.27 65.54 NOTE
r-release-macos-arm64 2.4.0 27.00 NOTE
r-release-macos-x86_64 2.4.0 37.00 NOTE
r-release-windows-x86_64 2.4.0 33.00 95.00 128.00 NOTE
r-oldrel-macos-arm64 2.4.0 30.00 NOTE
r-oldrel-macos-x86_64 2.4.0 47.00 NOTE
r-oldrel-windows-ix86+x86_64 2.4.0 15.00 138.00 153.00 NOTE

Check Details

Version: 2.4.0
Check: Rd files
Result: NOTE
    checkRd: (-1) modeest-package.Rd:150: Escaped LaTeX specials: \&
    checkRd: (-1) vieu.Rd:56: Escaped LaTeX specials: \&
Flavors: r-devel-linux-x86_64-debian-clang, r-devel-linux-x86_64-debian-gcc, r-devel-linux-x86_64-fedora-clang, r-devel-linux-x86_64-fedora-gcc, r-devel-windows-x86_64

Version: 2.4.0
Check: LazyData
Result: NOTE
     'LazyData' is specified without a 'data' directory
Flavors: r-devel-linux-x86_64-debian-clang, r-devel-linux-x86_64-debian-gcc, r-devel-linux-x86_64-fedora-clang, r-devel-linux-x86_64-fedora-gcc, r-devel-windows-x86_64, r-patched-linux-x86_64, r-release-linux-x86_64, r-release-macos-arm64, r-release-macos-x86_64, r-release-windows-x86_64, r-oldrel-macos-arm64, r-oldrel-macos-x86_64, r-oldrel-windows-ix86+x86_64