Last updated on 2023-01-31 07:54:17 CET.
Flavor | Version | Tinstall | Tcheck | Ttotal | Status | Flags |
---|---|---|---|---|---|---|
r-devel-linux-x86_64-debian-clang | 0.5 | 34.51 | 105.46 | 139.97 | OK | |
r-devel-linux-x86_64-debian-gcc | 0.5 | 31.66 | 76.51 | 108.17 | OK | |
r-devel-linux-x86_64-fedora-clang | 0.5 | 179.96 | NOTE | |||
r-devel-linux-x86_64-fedora-gcc | 0.5 | 177.00 | NOTE | |||
r-devel-windows-x86_64 | 0.5 | 65.00 | 133.00 | 198.00 | OK | |
r-patched-linux-x86_64 | 0.5 | 27.82 | 102.88 | 130.70 | OK | |
r-release-linux-x86_64 | 0.5 | 26.68 | 104.75 | 131.43 | OK | |
r-release-macos-arm64 | 0.5 | 45.00 | NOTE | |||
r-release-macos-x86_64 | 0.5 | 93.00 | NOTE | |||
r-release-windows-x86_64 | 0.5 | 71.00 | 142.00 | 213.00 | OK | |
r-oldrel-macos-arm64 | 0.5 | 59.00 | NOTE | |||
r-oldrel-macos-x86_64 | 0.5 | 93.00 | NOTE | |||
r-oldrel-windows-ix86+x86_64 | 0.5 | 65.00 | 130.00 | 195.00 | OK |
Version: 0.5
Check: package dependencies
Result: NOTE
Imports includes 22 non-default packages.
Importing from so many packages makes the package vulnerable to any of
them becoming unavailable. Move as many as possible to Suggests and
use conditionally.
Flavor: r-devel-linux-x86_64-fedora-clang
Version: 0.5
Check: dependencies in R code
Result: NOTE
Namespace in Imports field not imported from: ‘lazyeval’
All declared Imports should be used.
Flavors: r-devel-linux-x86_64-fedora-clang, r-devel-linux-x86_64-fedora-gcc, r-release-macos-arm64, r-release-macos-x86_64, r-oldrel-macos-arm64, r-oldrel-macos-x86_64