CRAN Package Check Results for Package mobirep

Last updated on 2022-12-04 07:55:14 CET.

Flavor Version Tinstall Tcheck Ttotal Status Flags
r-devel-linux-x86_64-debian-clang 0.2.3 13.79 206.78 220.57 OK
r-devel-linux-x86_64-debian-gcc 0.2.3 7.82 147.95 155.77 OK
r-devel-linux-x86_64-fedora-clang 0.2.3 270.86 NOTE
r-devel-linux-x86_64-fedora-gcc 0.2.3 295.27 OK
r-devel-windows-x86_64 0.2.3 22.00 235.00 257.00 OK
r-patched-linux-x86_64 0.2.3 11.88 191.46 203.34 OK
r-release-linux-x86_64 0.2.3 8.70 192.49 201.19 OK
r-release-macos-arm64 0.2.3 68.00 OK
r-release-macos-x86_64 0.2.3 146.00 OK
r-release-windows-x86_64 0.2.3 22.00 241.00 263.00 OK
r-oldrel-macos-arm64 0.2.3 86.00 OK
r-oldrel-macos-x86_64 0.2.3 146.00 OK
r-oldrel-windows-ix86+x86_64 0.2.3 28.00 225.00 253.00 OK

Check Details

Version: 0.2.3
Check: Rd cross-references
Result: NOTE
    Undeclared package ‘geomorph’ in Rd xrefs
Flavor: r-devel-linux-x86_64-fedora-clang