Last updated on 2023-02-06 06:52:02 CET.
Flavor | Version | Tinstall | Tcheck | Ttotal | Status | Flags |
---|---|---|---|---|---|---|
r-devel-linux-x86_64-debian-clang | 1.0.1 | 171.36 | 95.42 | 266.78 | OK | |
r-devel-linux-x86_64-debian-gcc | 1.0.1 | 128.96 | 73.76 | 202.72 | OK | |
r-devel-linux-x86_64-fedora-clang | 1.0.1 | 350.31 | OK | |||
r-devel-linux-x86_64-fedora-gcc | 1.0.1 | 354.33 | OK | |||
r-devel-windows-x86_64 | 1.0.1 | 131.00 | 157.00 | 288.00 | OK | |
r-patched-linux-x86_64 | 1.0.1 | 142.44 | 93.56 | 236.00 | OK | |
r-release-linux-x86_64 | 1.0.1 | 146.42 | 95.24 | 241.66 | OK | |
r-release-macos-arm64 | 1.0.1 | 86.00 | NOTE | |||
r-release-macos-x86_64 | 1.0.1 | 109.00 | NOTE | |||
r-release-windows-x86_64 | 1.0.1 | 127.00 | 163.00 | 290.00 | OK | |
r-oldrel-macos-arm64 | 1.0.1 | 81.00 | NOTE | |||
r-oldrel-macos-x86_64 | 1.0.1 | 109.00 | NOTE | |||
r-oldrel-windows-ix86+x86_64 | 1.0.1 | 370.00 | 231.00 | 601.00 | OK |
Version: 1.0.1
Check: installed package size
Result: NOTE
installed size is 15.6Mb
sub-directories of 1Mb or more:
libs 15.4Mb
Flavors: r-release-macos-arm64, r-release-macos-x86_64, r-oldrel-macos-arm64, r-oldrel-macos-x86_64