Last updated on 2023-01-26 07:53:56 CET.
Flavor | Version | Tinstall | Tcheck | Ttotal | Status | Flags |
---|---|---|---|---|---|---|
r-devel-linux-x86_64-debian-clang | 0.1 | 28.27 | 26.66 | 54.93 | NOTE | |
r-devel-linux-x86_64-debian-gcc | 0.1 | 24.73 | 21.08 | 45.81 | NOTE | |
r-devel-linux-x86_64-fedora-clang | 0.1 | 84.70 | NOTE | |||
r-devel-linux-x86_64-fedora-gcc | 0.1 | 73.82 | NOTE | |||
r-patched-linux-x86_64 | 0.1 | 26.44 | 27.60 | 54.04 | NOTE | |
r-release-linux-x86_64 | 0.1 | 23.03 | 27.57 | 50.60 | NOTE | |
r-release-macos-arm64 | 0.1 | 20.00 | NOTE | |||
r-release-macos-x86_64 | 0.1 | 33.00 | NOTE | |||
r-release-windows-x86_64 | 0.1 | 34.00 | 75.00 | 109.00 | NOTE | |
r-oldrel-macos-arm64 | 0.1 | 35.00 | NOTE | |||
r-oldrel-macos-x86_64 | 0.1 | 46.00 | NOTE | |||
r-oldrel-windows-ix86+x86_64 | 0.1 | 75.00 | 79.00 | 154.00 | NOTE |
Version: 0.1
Check: LazyData
Result: NOTE
'LazyData' is specified without a 'data' directory
Flavors: r-devel-linux-x86_64-debian-clang, r-devel-linux-x86_64-debian-gcc, r-devel-linux-x86_64-fedora-clang, r-devel-linux-x86_64-fedora-gcc, r-patched-linux-x86_64, r-release-linux-x86_64, r-release-macos-arm64, r-release-macos-x86_64, r-release-windows-x86_64, r-oldrel-macos-arm64, r-oldrel-macos-x86_64, r-oldrel-windows-ix86+x86_64