CRAN Package Check Results for Package mmpf

Last updated on 2023-02-07 07:54:07 CET.

Flavor Version Tinstall Tcheck Ttotal Status Flags
r-devel-linux-x86_64-debian-clang 0.0.5 2.44 40.05 42.49 NOTE
r-devel-linux-x86_64-debian-gcc 0.0.5 1.92 29.81 31.73 NOTE
r-devel-linux-x86_64-fedora-clang 0.0.5 53.97 NOTE
r-devel-linux-x86_64-fedora-gcc 0.0.5 62.50 NOTE
r-devel-windows-x86_64 0.0.5 17.00 72.00 89.00 NOTE
r-patched-linux-x86_64 0.0.5 1.91 38.06 39.97 NOTE
r-release-linux-x86_64 0.0.5 2.67 37.91 40.58 NOTE
r-release-macos-arm64 0.0.5 24.00 NOTE
r-release-macos-x86_64 0.0.5 30.00 NOTE
r-release-windows-x86_64 0.0.5 15.00 71.00 86.00 NOTE
r-oldrel-macos-arm64 0.0.5 30.00 NOTE
r-oldrel-macos-x86_64 0.0.5 36.00 NOTE
r-oldrel-windows-ix86+x86_64 0.0.5 6.00 68.00 74.00 NOTE

Check Details

Version: 0.0.5
Check: package subdirectories
Result: NOTE
    Problems with news in ‘NEWS.md’:
    No news entries found.
Flavors: r-devel-linux-x86_64-debian-clang, r-devel-linux-x86_64-debian-gcc, r-devel-linux-x86_64-fedora-clang, r-devel-linux-x86_64-fedora-gcc, r-devel-windows-x86_64

Version: 0.0.5
Check: LazyData
Result: NOTE
     'LazyData' is specified without a 'data' directory
Flavors: r-devel-linux-x86_64-debian-clang, r-devel-linux-x86_64-debian-gcc, r-devel-linux-x86_64-fedora-clang, r-devel-linux-x86_64-fedora-gcc, r-devel-windows-x86_64, r-patched-linux-x86_64, r-release-linux-x86_64, r-release-macos-arm64, r-release-macos-x86_64, r-release-windows-x86_64, r-oldrel-macos-arm64, r-oldrel-macos-x86_64, r-oldrel-windows-ix86+x86_64