CRAN Package Check Results for Package mmapcharr

Last updated on 2023-02-01 07:53:09 CET.

Flavor Version Tinstall Tcheck Ttotal Status Flags
r-devel-linux-x86_64-debian-clang 0.3.0 33.26 31.38 64.64 NOTE
r-devel-linux-x86_64-debian-gcc 0.3.0 26.37 24.38 50.75 NOTE
r-devel-linux-x86_64-fedora-clang 0.3.0 101.39 NOTE
r-devel-linux-x86_64-fedora-gcc 0.3.0 90.17 NOTE
r-devel-windows-x86_64 0.3.0 53.00 84.00 137.00 NOTE
r-patched-linux-x86_64 0.3.0 28.66 30.64 59.30 NOTE
r-release-linux-x86_64 0.3.0 35.04 31.00 66.04 NOTE
r-release-macos-arm64 0.3.0 28.00 NOTE
r-release-macos-x86_64 0.3.0 37.00 NOTE
r-release-windows-x86_64 0.3.0 60.00 90.00 150.00 NOTE
r-oldrel-macos-arm64 0.3.0 31.00 NOTE
r-oldrel-macos-x86_64 0.3.0 52.00 NOTE
r-oldrel-windows-ix86+x86_64 0.3.0 110.00 110.00 220.00 NOTE

Check Details

Version: 0.3.0
Check: C++ specification
Result: NOTE
     Specified C++11: please update to current default of C++17
Flavors: r-devel-linux-x86_64-debian-clang, r-devel-linux-x86_64-debian-gcc, r-devel-linux-x86_64-fedora-clang, r-devel-linux-x86_64-fedora-gcc, r-devel-windows-x86_64

Version: 0.3.0
Check: LazyData
Result: NOTE
     'LazyData' is specified without a 'data' directory
Flavors: r-devel-linux-x86_64-debian-clang, r-devel-linux-x86_64-debian-gcc, r-devel-linux-x86_64-fedora-clang, r-devel-linux-x86_64-fedora-gcc, r-devel-windows-x86_64, r-patched-linux-x86_64, r-release-linux-x86_64, r-release-macos-arm64, r-release-macos-x86_64, r-release-windows-x86_64, r-oldrel-macos-arm64, r-oldrel-macos-x86_64, r-oldrel-windows-ix86+x86_64