Last updated on 2023-02-03 06:50:25 CET.
Flavor | Version | Tinstall | Tcheck | Ttotal | Status | Flags |
---|---|---|---|---|---|---|
r-devel-linux-x86_64-debian-clang | 0.11.0 | 9.66 | 67.76 | 77.42 | OK | |
r-devel-linux-x86_64-debian-gcc | 0.11.0 | 5.88 | 50.63 | 56.51 | OK | |
r-devel-linux-x86_64-fedora-clang | 0.11.0 | 97.30 | OK | |||
r-devel-linux-x86_64-fedora-gcc | 0.11.0 | 93.74 | OK | |||
r-patched-linux-x86_64 | 0.11.0 | 11.83 | 62.52 | 74.35 | OK | |
r-release-linux-x86_64 | 0.11.0 | 8.34 | 62.50 | 70.84 | OK | |
r-release-macos-arm64 | 0.11.0 | 38.00 | OK | |||
r-release-macos-x86_64 | 0.11.0 | 49.00 | OK | |||
r-release-windows-x86_64 | 0.11.0 | 84.00 | 101.00 | 185.00 | OK | |
r-oldrel-macos-arm64 | 0.11.0 | 27.00 | OK | |||
r-oldrel-macos-x86_64 | 0.11.0 | 50.00 | OK | |||
r-oldrel-windows-ix86+x86_64 | 0.11.0 | 21.00 | 138.00 | 159.00 | WARN |
Version: 0.11.0
Check: for unstated dependencies in ‘tests’
Result: WARN
Warning: unable to access index for repository https://bioconductor.org/packages/3.14/bioc/src/contrib:
cannot open URL 'https://bioconductor.org/packages/3.14/bioc/src/contrib/PACKAGES'
Warning: unable to access index for repository https://bioconductor.org/packages/3.14/data/annotation/src/contrib:
cannot open URL 'https://bioconductor.org/packages/3.14/data/annotation/src/contrib/PACKAGES'
Warning: unable to access index for repository https://bioconductor.org/packages/3.14/data/experiment/src/contrib:
cannot open URL 'https://bioconductor.org/packages/3.14/data/experiment/src/contrib/PACKAGES'
Flavor: r-oldrel-windows-ix86+x86_64