Last updated on 2023-02-04 08:01:21 CET.
Flavor | Version | Tinstall | Tcheck | Ttotal | Status | Flags |
---|---|---|---|---|---|---|
r-devel-linux-x86_64-debian-clang | 0.7.0 | 11.56 | 146.91 | 158.47 | OK | |
r-devel-linux-x86_64-debian-gcc | 0.7.0 | 7.94 | 106.72 | 114.66 | OK | |
r-devel-linux-x86_64-fedora-clang | 0.7.0 | 188.51 | OK | |||
r-devel-linux-x86_64-fedora-gcc | 0.7.0 | 175.80 | OK | |||
r-devel-windows-x86_64 | 0.7.0 | 39.00 | 180.00 | 219.00 | OK | |
r-patched-linux-x86_64 | 0.7.0 | 13.51 | 130.55 | 144.06 | OK | |
r-release-linux-x86_64 | 0.7.0 | 9.39 | 132.97 | 142.36 | OK | |
r-release-macos-arm64 | 0.7.0 | 49.00 | OK | |||
r-release-macos-x86_64 | 0.7.0 | 65.00 | OK | |||
r-release-windows-x86_64 | 0.7.0 | 81.00 | 178.00 | 259.00 | OK | |
r-oldrel-macos-arm64 | 0.7.0 | 50.00 | OK | |||
r-oldrel-macos-x86_64 | 0.7.0 | 66.00 | OK | |||
r-oldrel-windows-ix86+x86_64 | 0.7.0 | 21.00 | 194.00 | 215.00 | WARN |
Version: 0.7.0
Check: for unstated dependencies in ‘tests’
Result: WARN
Warning: unable to access index for repository https://bioconductor.org/packages/3.14/bioc/src/contrib:
cannot open URL 'https://bioconductor.org/packages/3.14/bioc/src/contrib/PACKAGES'
Warning: unable to access index for repository https://bioconductor.org/packages/3.14/data/annotation/src/contrib:
cannot open URL 'https://bioconductor.org/packages/3.14/data/annotation/src/contrib/PACKAGES'
Warning: unable to access index for repository https://bioconductor.org/packages/3.14/data/experiment/src/contrib:
cannot open URL 'https://bioconductor.org/packages/3.14/data/experiment/src/contrib/PACKAGES'
Flavor: r-oldrel-windows-ix86+x86_64