Last updated on 2023-02-08 07:54:36 CET.
Flavor | Version | Tinstall | Tcheck | Ttotal | Status | Flags |
---|---|---|---|---|---|---|
r-devel-linux-x86_64-debian-clang | 0.14.1 | 32.55 | 388.93 | 421.48 | OK | |
r-devel-linux-x86_64-debian-gcc | 0.14.1 | 24.70 | 277.11 | 301.81 | OK | |
r-devel-linux-x86_64-fedora-clang | 0.14.1 | 512.51 | OK | |||
r-devel-linux-x86_64-fedora-gcc | 0.14.1 | 488.56 | OK | |||
r-devel-windows-x86_64 | 0.14.1 | 45.00 | 485.00 | 530.00 | OK | |
r-patched-linux-x86_64 | 0.14.1 | 51.57 | 328.60 | 380.17 | OK | |
r-release-linux-x86_64 | 0.14.1 | 37.81 | 336.91 | 374.72 | OK | |
r-release-macos-arm64 | 0.14.1 | 139.00 | OK | |||
r-release-macos-x86_64 | 0.14.1 | 155.00 | OK | |||
r-release-windows-x86_64 | 0.14.1 | 145.00 | 422.00 | 567.00 | OK | |
r-oldrel-macos-arm64 | 0.14.1 | 129.00 | OK | |||
r-oldrel-macos-x86_64 | 0.14.1 | 153.00 | OK | |||
r-oldrel-windows-ix86+x86_64 | 0.14.1 | 56.00 | 411.00 | 467.00 | WARN |
Version: 0.14.1
Check: for unstated dependencies in ‘tests’
Result: WARN
Warning: unable to access index for repository https://bioconductor.org/packages/3.14/bioc/src/contrib:
cannot open URL 'https://bioconductor.org/packages/3.14/bioc/src/contrib/PACKAGES'
Warning: unable to access index for repository https://bioconductor.org/packages/3.14/data/annotation/src/contrib:
cannot open URL 'https://bioconductor.org/packages/3.14/data/annotation/src/contrib/PACKAGES'
Warning: unable to access index for repository https://bioconductor.org/packages/3.14/data/experiment/src/contrib:
cannot open URL 'https://bioconductor.org/packages/3.14/data/experiment/src/contrib/PACKAGES'
Flavor: r-oldrel-windows-ix86+x86_64