Last updated on 2023-03-28 07:53:07 CEST.
Flavor | Version | Tinstall | Tcheck | Ttotal | Status | Flags |
---|---|---|---|---|---|---|
r-devel-linux-x86_64-debian-clang | 0.1.0 | 2.78 | 23.96 | 26.74 | NOTE | |
r-devel-linux-x86_64-debian-gcc | 0.1.0 | 2.22 | 19.07 | 21.29 | NOTE | |
r-devel-linux-x86_64-fedora-clang | 0.1.0 | 34.03 | NOTE | |||
r-devel-linux-x86_64-fedora-gcc | 0.1.0 | 32.12 | NOTE | |||
r-patched-linux-x86_64 | 0.1.0 | 3.03 | 23.46 | 26.49 | NOTE | |
r-release-linux-x86_64 | 0.1.0 | 2.66 | 23.60 | 26.26 | NOTE | |
r-release-macos-arm64 | 0.1.0 | 16.00 | NOTE | |||
r-release-macos-x86_64 | 0.1.0 | 21.00 | NOTE | |||
r-release-windows-x86_64 | 0.1.0 | 10.00 | 47.00 | 57.00 | NOTE | |
r-oldrel-macos-arm64 | 0.1.0 | 18.00 | NOTE | |||
r-oldrel-macos-x86_64 | 0.1.0 | 27.00 | NOTE | |||
r-oldrel-windows-ix86+x86_64 | 0.1.0 | 5.00 | 29.00 | 34.00 | NOTE |
Version: 0.1.0
Check: LazyData
Result: NOTE
'LazyData' is specified without a 'data' directory
Flavors: r-devel-linux-x86_64-debian-clang, r-devel-linux-x86_64-debian-gcc, r-devel-linux-x86_64-fedora-clang, r-devel-linux-x86_64-fedora-gcc, r-patched-linux-x86_64, r-release-linux-x86_64, r-release-macos-arm64, r-release-macos-x86_64, r-release-windows-x86_64, r-oldrel-macos-arm64, r-oldrel-macos-x86_64, r-oldrel-windows-ix86+x86_64