Last updated on 2023-01-28 08:00:39 CET.
Flavor | Version | Tinstall | Tcheck | Ttotal | Status | Flags |
---|---|---|---|---|---|---|
r-devel-linux-x86_64-debian-clang | 1.2.0 | 12.40 | 71.92 | 84.32 | OK | |
r-devel-linux-x86_64-debian-gcc | 1.2.0 | 8.60 | 53.37 | 61.97 | OK | |
r-devel-linux-x86_64-fedora-clang | 1.2.0 | 105.85 | NOTE | |||
r-devel-linux-x86_64-fedora-gcc | 1.2.0 | 96.06 | NOTE | |||
r-patched-linux-x86_64 | 1.2.0 | 7.60 | 67.91 | 75.51 | OK | |
r-release-linux-x86_64 | 1.2.0 | 8.60 | 67.82 | 76.42 | OK | |
r-release-macos-arm64 | 1.2.0 | 30.00 | NOTE | |||
r-release-macos-x86_64 | 1.2.0 | 50.00 | NOTE | |||
r-release-windows-x86_64 | 1.2.0 | 23.00 | 97.00 | 120.00 | OK | |
r-oldrel-macos-arm64 | 1.2.0 | 39.00 | NOTE | |||
r-oldrel-macos-x86_64 | 1.2.0 | 42.00 | NOTE | |||
r-oldrel-windows-ix86+x86_64 | 1.2.0 | 22.00 | 101.00 | 123.00 | OK |
Version: 1.2.0
Check: dependencies in R code
Result: NOTE
Namespace in Imports field not imported from: ‘RColorBrewer’
All declared Imports should be used.
Flavors: r-devel-linux-x86_64-fedora-clang, r-devel-linux-x86_64-fedora-gcc, r-release-macos-arm64, r-release-macos-x86_64, r-oldrel-macos-arm64, r-oldrel-macos-x86_64