Last updated on 2023-02-06 06:52:02 CET.
Flavor | Version | Tinstall | Tcheck | Ttotal | Status | Flags |
---|---|---|---|---|---|---|
r-devel-linux-x86_64-debian-clang | 1.2.0 | 5.78 | 82.01 | 87.79 | NOTE | |
r-devel-linux-x86_64-debian-gcc | 1.2.0 | 4.34 | 58.67 | 63.01 | NOTE | |
r-devel-linux-x86_64-fedora-clang | 1.2.0 | 105.44 | NOTE | |||
r-devel-linux-x86_64-fedora-gcc | 1.2.0 | 102.73 | NOTE | |||
r-devel-windows-x86_64 | 1.2.0 | 47.00 | 125.00 | 172.00 | NOTE | |
r-patched-linux-x86_64 | 1.2.0 | 7.37 | 75.58 | 82.95 | OK | |
r-release-linux-x86_64 | 1.2.0 | 5.72 | 76.25 | 81.97 | OK | |
r-release-macos-arm64 | 1.2.0 | 26.00 | OK | |||
r-release-macos-x86_64 | 1.2.0 | 40.00 | OK | |||
r-release-windows-x86_64 | 1.2.0 | 45.00 | 118.00 | 163.00 | OK | |
r-oldrel-macos-arm64 | 1.2.0 | 35.00 | OK | |||
r-oldrel-macos-x86_64 | 1.2.0 | 40.00 | OK | |||
r-oldrel-windows-ix86+x86_64 | 1.2.0 | 12.00 | 107.00 | 119.00 | OK |
Version: 1.2.0
Check: Rd files
Result: NOTE
checkRd: (-1) mixmeta-package.Rd:115: Escaped LaTeX specials: \&
checkRd: (-1) mixmeta.ml.Rd:56: Escaped LaTeX specials: \&
checkRd: (-1) ml.igls.Rd:62: Escaped LaTeX specials: \&
Flavors: r-devel-linux-x86_64-debian-clang, r-devel-linux-x86_64-debian-gcc, r-devel-linux-x86_64-fedora-clang, r-devel-linux-x86_64-fedora-gcc, r-devel-windows-x86_64
Version: 1.2.0
Check: Rd cross-references
Result: NOTE
Undeclared package ‘mvmeta’ in Rd xrefs
Flavor: r-devel-linux-x86_64-fedora-clang