Last updated on 2023-01-27 07:50:37 CET.
Flavor | Version | Tinstall | Tcheck | Ttotal | Status | Flags |
---|---|---|---|---|---|---|
r-devel-linux-x86_64-debian-clang | 1.1.2 | 180.64 | 86.56 | 267.20 | OK | |
r-devel-linux-x86_64-debian-gcc | 1.1.2 | 134.66 | 64.19 | 198.85 | OK | |
r-devel-linux-x86_64-fedora-clang | 1.1.2 | 422.35 | OK | |||
r-devel-linux-x86_64-fedora-gcc | 1.1.2 | 347.88 | OK | |||
r-patched-linux-x86_64 | 1.1.2 | 140.95 | 79.11 | 220.06 | OK | |
r-release-linux-x86_64 | 1.1.2 | 141.02 | 77.84 | 218.86 | OK | |
r-release-macos-arm64 | 1.1.2 | 82.00 | NOTE | |||
r-release-macos-x86_64 | 1.1.2 | 109.00 | OK | |||
r-release-windows-x86_64 | 1.1.2 | 136.00 | 159.00 | 295.00 | OK | |
r-oldrel-macos-arm64 | 1.1.2 | 99.00 | NOTE | |||
r-oldrel-macos-x86_64 | 1.1.2 | 152.00 | OK | |||
r-oldrel-windows-ix86+x86_64 | 1.1.2 | 428.00 | 158.00 | 586.00 | OK |
Version: 1.1.2
Check: installed package size
Result: NOTE
installed size is 5.9Mb
sub-directories of 1Mb or more:
libs 5.4Mb
Flavors: r-release-macos-arm64, r-oldrel-macos-arm64