Last updated on 2023-01-27 07:50:37 CET.
Flavor | Version | Tinstall | Tcheck | Ttotal | Status | Flags |
---|---|---|---|---|---|---|
r-devel-linux-x86_64-debian-clang | 1.6.2 | 38.26 | 97.09 | 135.35 | OK | |
r-devel-linux-x86_64-debian-gcc | 1.6.2 | 30.12 | 72.96 | 103.08 | NOTE | |
r-devel-linux-x86_64-fedora-clang | 1.6.2 | 181.53 | NOTE | |||
r-devel-linux-x86_64-fedora-gcc | 1.6.2 | 178.92 | NOTE | |||
r-patched-linux-x86_64 | 1.6.2 | 31.78 | 93.74 | 125.52 | OK | |
r-release-linux-x86_64 | 1.6.2 | 26.06 | 94.39 | 120.45 | OK | |
r-release-macos-arm64 | 1.6.2 | 49.00 | OK | |||
r-release-macos-x86_64 | 1.6.2 | 67.00 | OK | |||
r-release-windows-x86_64 | 1.6.2 | 41.00 | 156.00 | 197.00 | OK | |
r-oldrel-macos-arm64 | 1.6.2 | 53.00 | OK | |||
r-oldrel-macos-x86_64 | 1.6.2 | 67.00 | OK | |||
r-oldrel-windows-ix86+x86_64 | 1.6.2 | 96.00 | 192.00 | 288.00 | OK |
Version: 1.6.2
Check: C++ specification
Result: NOTE
Specified C++11: please update to current default of C++17
Flavors: r-devel-linux-x86_64-debian-gcc, r-devel-linux-x86_64-fedora-clang, r-devel-linux-x86_64-fedora-gcc