CRAN Package Check Results for Package mixSPE

Last updated on 2023-02-07 07:54:07 CET.

Flavor Version Tinstall Tcheck Ttotal Status Flags
r-devel-linux-x86_64-debian-clang 0.9.1 4.46 42.64 47.10 NOTE
r-devel-linux-x86_64-debian-gcc 0.9.1 3.18 31.22 34.40 NOTE
r-devel-linux-x86_64-fedora-clang 0.9.1 57.87 NOTE
r-devel-linux-x86_64-fedora-gcc 0.9.1 55.91 NOTE
r-devel-windows-x86_64 0.9.1 17.00 68.00 85.00 NOTE
r-patched-linux-x86_64 0.9.1 3.37 40.55 43.92 NOTE
r-release-linux-x86_64 0.9.1 3.38 39.90 43.28 NOTE
r-release-macos-arm64 0.9.1 21.00 NOTE
r-release-macos-x86_64 0.9.1 28.00 NOTE
r-release-windows-x86_64 0.9.1 15.00 73.00 88.00 NOTE
r-oldrel-macos-arm64 0.9.1 28.00 NOTE
r-oldrel-macos-x86_64 0.9.1 36.00 NOTE
r-oldrel-windows-ix86+x86_64 0.9.1 8.00 69.00 77.00 NOTE

Check Details

Version: 0.9.1
Check: LazyData
Result: NOTE
     'LazyData' is specified without a 'data' directory
Flavors: r-devel-linux-x86_64-debian-clang, r-devel-linux-x86_64-debian-gcc, r-devel-linux-x86_64-fedora-clang, r-devel-linux-x86_64-fedora-gcc, r-devel-windows-x86_64, r-patched-linux-x86_64, r-release-linux-x86_64, r-release-macos-arm64, r-release-macos-x86_64, r-release-windows-x86_64, r-oldrel-macos-arm64, r-oldrel-macos-x86_64, r-oldrel-windows-ix86+x86_64