Last updated on 2023-10-02 07:56:31 CEST.
Flavor | Version | Tinstall | Tcheck | Ttotal | Status | Flags |
---|---|---|---|---|---|---|
r-devel-linux-x86_64-debian-clang | 0.22.7 | 26.93 | 343.49 | 370.42 | NOTE | |
r-devel-linux-x86_64-debian-gcc | 0.22.7 | 22.80 | 239.67 | 262.47 | NOTE | |
r-devel-linux-x86_64-fedora-clang | 0.22.7 | 443.79 | NOTE | |||
r-devel-linux-x86_64-fedora-gcc | 0.22.7 | 436.97 | NOTE | |||
r-devel-windows-x86_64 | 0.22.7 | 26.00 | 246.00 | 272.00 | NOTE | |
r-patched-linux-x86_64 | 0.22.7 | 29.76 | 335.09 | 364.85 | OK | |
r-release-linux-x86_64 | 0.22.7 | 25.70 | 323.76 | 349.46 | OK | |
r-release-macos-arm64 | 0.22.7 | 120.00 | OK | |||
r-release-macos-x86_64 | 0.22.7 | 153.00 | OK | |||
r-release-windows-x86_64 | 0.22.7 | 34.00 | 316.00 | 350.00 | OK | |
r-oldrel-macos-arm64 | 0.22.7 | 106.00 | OK | |||
r-oldrel-macos-x86_64 | 0.22.7 | 138.00 | OK | |||
r-oldrel-windows-x86_64 | 0.22.7 | 34.00 | 304.00 | 338.00 | OK |
Version: 0.22.7
Check: Rd \usage sections
Result: NOTE
Documented arguments not in \usage in documentation object 'mixAR-internal':
‘p’ ‘value’ ‘tau’ ‘etk’ ‘parscore’ ‘sigma’ ‘logpdf’
Functions with \usage entries need to have the appropriate \alias
entries, and all their arguments documented.
The \usage entries must correspond to syntactically valid R code.
See chapter ‘Writing R documentation files’ in the ‘Writing R
Extensions’ manual.
Flavors: r-devel-linux-x86_64-debian-clang, r-devel-linux-x86_64-debian-gcc, r-devel-linux-x86_64-fedora-clang, r-devel-linux-x86_64-fedora-gcc, r-devel-windows-x86_64