Last updated on 2023-02-02 06:54:58 CET.
Flavor | Version | Tinstall | Tcheck | Ttotal | Status | Flags |
---|---|---|---|---|---|---|
r-devel-linux-x86_64-debian-clang | 2.4 | 3.21 | 37.08 | 40.29 | OK | |
r-devel-linux-x86_64-debian-gcc | 2.4 | 2.26 | 29.36 | 31.62 | OK | |
r-devel-linux-x86_64-fedora-clang | 2.4 | 53.02 | OK | |||
r-devel-linux-x86_64-fedora-gcc | 2.4 | 61.09 | OK | |||
r-patched-linux-x86_64 | 2.4 | 3.03 | 36.64 | 39.67 | OK | |
r-release-linux-x86_64 | 2.4 | 3.08 | 37.13 | 40.21 | OK | |
r-release-macos-arm64 | 2.4 | 21.00 | OK | |||
r-release-macos-x86_64 | 2.4 | 33.00 | OK | |||
r-release-windows-x86_64 | 2.4 | 18.00 | 79.00 | 97.00 | OK | |
r-oldrel-macos-arm64 | 2.4 | 26.00 | NOTE | |||
r-oldrel-macos-x86_64 | 2.4 | 42.00 | OK | |||
r-oldrel-windows-ix86+x86_64 | 2.4 | 8.00 | 345.00 | 353.00 | OK |
Version: 2.4
Check: package dependencies
Result: NOTE
Package suggested but not available for checking: ‘RODBC’
Flavor: r-oldrel-macos-arm64