CRAN Package Check Results for Package miniUI

Last updated on 2023-11-28 07:53:08 CET.

Flavor Version Tinstall Tcheck Ttotal Status Flags
r-devel-linux-x86_64-debian-clang 0.1.1.1 3.54 36.17 39.71 NOTE
r-devel-linux-x86_64-debian-gcc 0.1.1.1 3.28 28.14 31.42 NOTE
r-devel-linux-x86_64-fedora-clang 0.1.1.1 53.08 NOTE
r-devel-linux-x86_64-fedora-gcc 0.1.1.1 48.32 NOTE
r-devel-windows-x86_64 0.1.1.1 5.00 50.00 55.00 NOTE
r-patched-linux-x86_64 0.1.1.1 9.62 35.21 44.83 NOTE
r-release-linux-x86_64 0.1.1.1 3.32 35.30 38.62 NOTE
r-release-macos-arm64 0.1.1.1 22.00 NOTE
r-release-macos-x86_64 0.1.1.1 28.00 NOTE
r-release-windows-x86_64 0.1.1.1 7.00 53.00 60.00 NOTE
r-oldrel-macos-arm64 0.1.1.1 20.00 NOTE
r-oldrel-macos-x86_64 0.1.1.1 26.00 NOTE
r-oldrel-windows-x86_64 0.1.1.1 8.00 59.00 67.00 NOTE

Check Details

Version: 0.1.1.1
Check: LazyData
Result: NOTE 'LazyData' is specified without a 'data' directory Flavors: r-devel-linux-x86_64-debian-clang, r-devel-linux-x86_64-debian-gcc, r-devel-linux-x86_64-fedora-clang, r-devel-linux-x86_64-fedora-gcc, r-devel-windows-x86_64, r-patched-linux-x86_64, r-release-linux-x86_64, r-release-macos-arm64, r-release-macos-x86_64, r-release-windows-x86_64, r-oldrel-macos-arm64, r-oldrel-macos-x86_64, r-oldrel-windows-x86_64