CRAN Package Check Results for Package mineSweepR

Last updated on 2024-07-14 06:54:28 CEST.

Flavor Version Tinstall Tcheck Ttotal Status Flags
r-devel-linux-x86_64-debian-clang 0.1.1 48.86 413.70 462.56 OK
r-devel-linux-x86_64-debian-gcc 0.1.1 35.42 284.17 319.59 OK
r-devel-linux-x86_64-fedora-clang 0.1.1 553.62 OK
r-devel-linux-x86_64-fedora-gcc 0.1.1 517.66 OK
r-devel-windows-x86_64 0.1.1 34.00 231.00 265.00 OK
r-patched-linux-x86_64 0.1.1 45.90 382.92 428.82 OK
r-release-linux-x86_64 0.1.1 27.72 385.41 413.13 OK
r-release-macos-arm64 0.1.1 112.00 OK
r-release-macos-x86_64 0.1.1 174.00 OK
r-release-windows-x86_64 0.1.1 33.00 232.00 265.00 OK
r-oldrel-macos-arm64 0.1.1 10.00 ERROR
r-oldrel-macos-x86_64 0.1.1 11.00 ERROR
r-oldrel-windows-x86_64 0.1.1 47.00 323.00 370.00 OK

Check Details

Version: 0.1.1
Check: package dependencies
Result: ERROR Package required but not available: ‘InteractiveComplexHeatmap’ See section ‘The DESCRIPTION file’ in the ‘Writing R Extensions’ manual. Flavors: r-oldrel-macos-arm64, r-oldrel-macos-x86_64