CRAN Package Check Results for Package mimi

Last updated on 2023-02-05 07:57:28 CET.

Flavor Version Tinstall Tcheck Ttotal Status Flags
r-devel-linux-x86_64-debian-clang 0.2.0 6.90 46.21 53.11 OK
r-devel-linux-x86_64-debian-gcc 0.2.0 5.30 34.87 40.17 OK
r-devel-linux-x86_64-fedora-clang 0.2.0 66.46 NOTE
r-devel-linux-x86_64-fedora-gcc 0.2.0 63.39 NOTE
r-devel-windows-x86_64 0.2.0 15.00 81.00 96.00 OK
r-patched-linux-x86_64 0.2.0 6.40 45.10 51.50 OK
r-release-linux-x86_64 0.2.0 5.20 43.68 48.88 OK
r-release-macos-arm64 0.2.0 22.00 NOTE
r-release-macos-x86_64 0.2.0 38.00 NOTE
r-release-windows-x86_64 0.2.0 15.00 77.00 92.00 OK
r-oldrel-macos-arm64 0.2.0 26.00 NOTE
r-oldrel-macos-x86_64 0.2.0 35.00 NOTE
r-oldrel-windows-ix86+x86_64 0.2.0 14.00 74.00 88.00 OK

Check Details

Version: 0.2.0
Check: dependencies in R code
Result: NOTE
    Namespaces in Imports field not imported from:
     ‘FactoMineR’ ‘softImpute’
     All declared Imports should be used.
Flavors: r-devel-linux-x86_64-fedora-clang, r-devel-linux-x86_64-fedora-gcc, r-release-macos-arm64, r-release-macos-x86_64, r-oldrel-macos-arm64, r-oldrel-macos-x86_64