CRAN Package Check Results for Package milr

Last updated on 2023-02-08 07:54:35 CET.

Flavor Version Tinstall Tcheck Ttotal Status Flags
r-devel-linux-x86_64-debian-clang 0.3.1 111.38 139.22 250.60 NOTE
r-devel-linux-x86_64-debian-gcc 0.3.1 87.00 105.72 192.72 NOTE
r-devel-linux-x86_64-fedora-clang 0.3.1 357.80 NOTE
r-devel-linux-x86_64-fedora-gcc 0.3.1 353.53 NOTE
r-devel-windows-x86_64 0.3.1 90.00 204.00 294.00 NOTE
r-patched-linux-x86_64 0.3.1 87.30 132.86 220.16 NOTE
r-release-linux-x86_64 0.3.1 84.02 132.52 216.54 NOTE
r-release-macos-arm64 0.3.1 105.00 NOTE
r-release-macos-x86_64 0.3.1 150.00 NOTE
r-release-windows-x86_64 0.3.1 91.00 235.00 326.00 NOTE
r-oldrel-macos-arm64 0.3.1 103.00 NOTE
r-oldrel-macos-x86_64 0.3.1 142.00 NOTE
r-oldrel-windows-ix86+x86_64 0.3.1 255.00 260.00 515.00 NOTE

Check Details

Version: 0.3.1
Check: C++ specification
Result: NOTE
     Specified C++11: please update to current default of C++17
Flavors: r-devel-linux-x86_64-debian-clang, r-devel-windows-x86_64

Version: 0.3.1
Check: LazyData
Result: NOTE
     'LazyData' is specified without a 'data' directory
Flavors: r-devel-linux-x86_64-debian-clang, r-devel-linux-x86_64-debian-gcc, r-devel-linux-x86_64-fedora-clang, r-devel-linux-x86_64-fedora-gcc, r-devel-windows-x86_64, r-patched-linux-x86_64, r-release-linux-x86_64, r-release-macos-arm64, r-release-macos-x86_64, r-release-windows-x86_64, r-oldrel-macos-arm64, r-oldrel-macos-x86_64, r-oldrel-windows-ix86+x86_64

Version: 0.3.1
Check: C++ specification
Result: NOTE
     Specified C++11: please drop specification unless essential
Flavors: r-devel-linux-x86_64-debian-gcc, r-devel-linux-x86_64-fedora-clang, r-devel-linux-x86_64-fedora-gcc