CRAN Package Check Results for Package milorGWAS

Last updated on 2023-02-03 06:50:24 CET.

Flavor Version Tinstall Tcheck Ttotal Status Flags
r-devel-linux-x86_64-debian-clang 0.3 61.76 93.46 155.22 NOTE
r-devel-linux-x86_64-debian-gcc 0.3 43.87 73.94 117.81 NOTE
r-devel-linux-x86_64-fedora-clang 0.3 212.73 NOTE
r-devel-linux-x86_64-fedora-gcc 0.3 210.88 NOTE
r-devel-windows-x86_64 0.3 110.00 154.00 264.00 NOTE
r-patched-linux-x86_64 0.3 44.91 91.02 135.93 OK
r-release-linux-x86_64 0.3 52.13 92.76 144.89 OK
r-release-macos-arm64 0.3 52.00 NOTE
r-release-macos-x86_64 0.3 80.00 NOTE
r-release-windows-x86_64 0.3 64.00 150.00 214.00 OK
r-oldrel-macos-arm64 0.3 60.00 NOTE
r-oldrel-macos-x86_64 0.3 106.00 NOTE
r-oldrel-windows-ix86+x86_64 0.3 141.00 297.00 438.00 OK

Check Details

Version: 0.3
Check: C++ specification
Result: NOTE
     Specified C++11: please update to current default of C++17
Flavors: r-devel-linux-x86_64-debian-clang, r-devel-linux-x86_64-debian-gcc, r-devel-linux-x86_64-fedora-clang, r-devel-linux-x86_64-fedora-gcc, r-devel-windows-x86_64

Version: 0.3
Check: installed package size
Result: NOTE
     installed size is 6.9Mb
     sub-directories of 1Mb or more:
     libs 6.3Mb
Flavors: r-release-macos-arm64, r-release-macos-x86_64, r-oldrel-macos-arm64, r-oldrel-macos-x86_64