Last updated on 2023-01-27 07:50:37 CET.
Flavor | Version | Tinstall | Tcheck | Ttotal | Status | Flags |
---|---|---|---|---|---|---|
r-devel-linux-x86_64-debian-clang | 1.4.1 | 133.80 | 76.89 | 210.69 | OK | |
r-devel-linux-x86_64-debian-gcc | 1.4.1 | 112.73 | 60.17 | 172.90 | NOTE | |
r-devel-linux-x86_64-fedora-clang | 1.4.1 | 339.99 | NOTE | |||
r-devel-linux-x86_64-fedora-gcc | 1.4.1 | 303.50 | NOTE | |||
r-patched-linux-x86_64 | 1.4.1 | 121.40 | 75.25 | 196.65 | OK | |
r-release-linux-x86_64 | 1.4.1 | 115.10 | 76.04 | 191.14 | OK | |
r-release-macos-arm64 | 1.4.1 | 79.00 | NOTE | |||
r-release-macos-x86_64 | 1.4.1 | 100.00 | NOTE | |||
r-release-windows-x86_64 | 1.4.1 | 563.00 | 138.00 | 701.00 | NOTE | |
r-oldrel-macos-arm64 | 1.4.1 | 79.00 | NOTE | |||
r-oldrel-macos-x86_64 | 1.4.1 | 104.00 | NOTE | |||
r-oldrel-windows-ix86+x86_64 | 1.4.1 | 353.00 | 140.00 | 493.00 | NOTE |
Version: 1.4.1
Check: C++ specification
Result: NOTE
Specified C++11: please update to current default of C++17
Flavors: r-devel-linux-x86_64-debian-gcc, r-devel-linux-x86_64-fedora-clang, r-devel-linux-x86_64-fedora-gcc
Version: 1.4.1
Check: installed package size
Result: NOTE
installed size is 9.0Mb
sub-directories of 1Mb or more:
doc 6.2Mb
lib 1.7Mb
Flavors: r-devel-linux-x86_64-fedora-clang, r-release-macos-arm64, r-release-macos-x86_64, r-release-windows-x86_64, r-oldrel-macos-arm64, r-oldrel-macos-x86_64, r-oldrel-windows-ix86+x86_64