CRAN Package Check Results for Package microsimulation

Last updated on 2024-03-02 06:52:00 CET.

Flavor Version Tinstall Tcheck Ttotal Status Flags
r-devel-linux-x86_64-debian-clang 1.4.3 151.96 80.06 232.02 NOTE
r-devel-linux-x86_64-debian-gcc 1.4.3 117.78 60.48 178.26 NOTE
r-devel-linux-x86_64-fedora-clang 1.4.3 346.62 NOTE
r-devel-linux-x86_64-fedora-gcc 1.4.3 329.43 NOTE
r-devel-windows-x86_64 1.4.3 119.00 93.00 212.00 NOTE
r-patched-linux-x86_64 1.4.3 153.26 78.04 231.30 OK
r-release-linux-x86_64 1.4.3 145.83 80.20 226.03 OK
r-release-macos-arm64 1.4.3 62.00 NOTE
r-release-macos-x86_64 1.4.3 90.00 NOTE
r-release-windows-x86_64 1.4.3 151.00 115.00 266.00 NOTE
r-oldrel-macos-arm64 1.4.3 70.00 NOTE
r-oldrel-windows-x86_64 1.4.3 146.00 108.00 254.00 NOTE

Check Details

Version: 1.4.3
Check: Rd files
Result: NOTE checkRd: (-1) RNGStream.Rd:29: Lost braces 29 | item{open}{function to use the current seed} | ^ checkRd: (-1) RNGStream.Rd:29: Lost braces 29 | item{open}{function to use the current seed} | ^ checkRd: (-1) RNGStream.Rd:30: Lost braces 30 | item{close}{function to make the current seed equal to .Random.seed} | ^ checkRd: (-1) RNGStream.Rd:30: Lost braces 30 | item{close}{function to make the current seed equal to .Random.seed} | ^ checkRd: (-1) RNGStream.Rd:31: Lost braces 31 | item{resetStream}{function to move back to start of stream} | ^ checkRd: (-1) RNGStream.Rd:31: Lost braces 31 | item{resetStream}{function to move back to start of stream} | ^ checkRd: (-1) RNGStream.Rd:32: Lost braces 32 | item{resetSubStream}{function to move back to start of sub-stream} | ^ checkRd: (-1) RNGStream.Rd:32: Lost braces 32 | item{resetSubStream}{function to move back to start of sub-stream} | ^ checkRd: (-1) RNGStream.Rd:33: Lost braces 33 | item{nextSubStream}{function to move to next sub-stream} | ^ checkRd: (-1) RNGStream.Rd:33: Lost braces 33 | item{nextSubStream}{function to move to next sub-stream} | ^ checkRd: (-1) RNGStream.Rd:34: Lost braces 34 | item{nextStream}{function to move to next stream} | ^ checkRd: (-1) RNGStream.Rd:34: Lost braces 34 | item{nextStream}{function to move to next stream} | ^ Flavors: r-devel-linux-x86_64-debian-clang, r-devel-linux-x86_64-debian-gcc, r-devel-linux-x86_64-fedora-clang, r-devel-linux-x86_64-fedora-gcc

Version: 1.4.3
Check: installed package size
Result: NOTE installed size is 8.9Mb sub-directories of 1Mb or more: doc 6.2Mb lib 1.6Mb Flavors: r-devel-linux-x86_64-fedora-clang, r-devel-windows-x86_64, r-release-macos-arm64, r-release-macos-x86_64, r-release-windows-x86_64, r-oldrel-macos-arm64, r-oldrel-windows-x86_64