Last updated on 2023-11-30 08:50:00 CET.
Flavor | Version | Tinstall | Tcheck | Ttotal | Status | Flags |
---|---|---|---|---|---|---|
r-devel-linux-x86_64-debian-clang | 2.1.6 | 54.63 | 62.74 | 117.37 | NOTE | |
r-devel-linux-x86_64-debian-gcc | 2.1.6 | 36.96 | 45.18 | 82.14 | NOTE | |
r-devel-linux-x86_64-fedora-clang | 2.1.6 | 169.68 | OK | |||
r-devel-linux-x86_64-fedora-gcc | 2.1.6 | 165.68 | OK | |||
r-devel-windows-x86_64 | 2.1.6 | 43.00 | 100.00 | 143.00 | OK | |
r-patched-linux-x86_64 | 2.1.6 | 51.60 | 57.76 | 109.36 | OK | |
r-release-linux-x86_64 | 2.1.6 | 49.58 | 57.63 | 107.21 | OK | |
r-release-macos-arm64 | 2.1.6 | 48.00 | OK | |||
r-release-macos-x86_64 | 2.1.6 | 86.00 | OK | |||
r-release-windows-x86_64 | 2.1.6 | 59.00 | 111.00 | 170.00 | OK | |
r-oldrel-macos-arm64 | 2.1.6 | 47.00 | OK | |||
r-oldrel-macos-x86_64 | 2.1.6 | 66.00 | OK | |||
r-oldrel-windows-x86_64 | 2.1.6 | 49.00 | 109.00 | 158.00 | OK |
Version: 2.1.6
Check: Rd files
Result: NOTE
checkRd: (-1) readFastq.Rd:62: Lost braces
62 | code{\link{readFasta}}.
| ^
Flavors: r-devel-linux-x86_64-debian-clang, r-devel-linux-x86_64-debian-gcc