CRAN Package Check Results for Package microhaplot

Last updated on 2024-03-01 07:52:54 CET.

Flavor Version Tinstall Tcheck Ttotal Status Flags
r-devel-linux-x86_64-debian-clang 1.0.1 2.39 37.73 40.12 NOTE
r-devel-linux-x86_64-debian-gcc 1.0.1 2.13 28.37 30.50 NOTE
r-devel-linux-x86_64-fedora-clang 1.0.1 51.44 NOTE
r-devel-linux-x86_64-fedora-gcc 1.0.1 66.47 NOTE
r-devel-windows-x86_64 1.0.1 4.00 62.00 66.00 NOTE
r-patched-linux-x86_64 1.0.1 2.30 36.61 38.91 NOTE
r-release-linux-x86_64 1.0.1 1.73 36.57 38.30 NOTE
r-release-macos-arm64 1.0.1 28.00 NOTE
r-release-macos-x86_64 1.0.1 41.00 NOTE
r-release-windows-x86_64 1.0.1 5.00 67.00 72.00 NOTE
r-oldrel-macos-arm64 1.0.1 23.00 NOTE
r-oldrel-windows-x86_64 1.0.1 4.00 73.00 77.00 NOTE

Check Details

Version: 1.0.1
Check: LazyData
Result: NOTE 'LazyData' is specified without a 'data' directory Flavors: r-devel-linux-x86_64-debian-clang, r-devel-linux-x86_64-debian-gcc, r-devel-linux-x86_64-fedora-clang, r-devel-linux-x86_64-fedora-gcc, r-devel-windows-x86_64, r-patched-linux-x86_64, r-release-linux-x86_64, r-release-macos-arm64, r-release-macos-x86_64, r-release-windows-x86_64, r-oldrel-macos-arm64, r-oldrel-windows-x86_64

Version: 1.0.1
Check: dependencies in R code
Result: NOTE Namespaces in Imports field not imported from: ‘DT’ ‘ggiraph’ ‘ggplot2’ ‘grid’ ‘gtools’ ‘scales’ ‘shinyBS’ ‘shinyWidgets’ ‘tidyr’ All declared Imports should be used. Flavors: r-devel-linux-x86_64-fedora-clang, r-devel-linux-x86_64-fedora-gcc, r-oldrel-macos-arm64