CRAN Package Check Results for Package mhtboot

Last updated on 2023-01-26 07:53:55 CET.

Flavor Version Tinstall Tcheck Ttotal Status Flags
r-devel-linux-x86_64-debian-clang 1.3.3 5.86 119.46 125.32 NOTE
r-devel-linux-x86_64-debian-gcc 1.3.3 3.81 86.86 90.67 NOTE
r-devel-linux-x86_64-fedora-clang 1.3.3 147.93 NOTE
r-devel-linux-x86_64-fedora-gcc 1.3.3 155.45 NOTE
r-patched-linux-x86_64 1.3.3 5.61 113.44 119.05 NOTE
r-release-linux-x86_64 1.3.3 6.10 114.55 120.65 NOTE
r-release-macos-arm64 1.3.3 47.00 NOTE
r-release-macos-x86_64 1.3.3 93.00 NOTE
r-release-windows-x86_64 1.3.3 16.00 155.00 171.00 NOTE
r-oldrel-macos-arm64 1.3.3 48.00 NOTE
r-oldrel-macos-x86_64 1.3.3 71.00 NOTE
r-oldrel-windows-ix86+x86_64 1.3.3 18.00 145.00 163.00 NOTE

Check Details

Version: 1.3.3
Check: LazyData
Result: NOTE
     'LazyData' is specified without a 'data' directory
Flavors: r-devel-linux-x86_64-debian-clang, r-devel-linux-x86_64-debian-gcc, r-devel-linux-x86_64-fedora-clang, r-devel-linux-x86_64-fedora-gcc, r-patched-linux-x86_64, r-release-linux-x86_64, r-release-macos-arm64, r-release-macos-x86_64, r-release-windows-x86_64, r-oldrel-macos-arm64, r-oldrel-macos-x86_64, r-oldrel-windows-ix86+x86_64