CRAN Package Check Results for Package mhcnuggetsr

Last updated on 2024-03-04 07:48:33 CET.

Flavor Version Tinstall Tcheck Ttotal Status Flags
r-devel-linux-x86_64-debian-clang 1.1 2.92 100.74 103.66 NOTE
r-devel-linux-x86_64-debian-gcc 1.1 2.47 75.97 78.44 NOTE
r-devel-linux-x86_64-fedora-clang 1.1 156.71 NOTE
r-devel-linux-x86_64-fedora-gcc 1.1 167.46 NOTE
r-devel-windows-x86_64 1.1 4.00 154.00 158.00 NOTE
r-patched-linux-x86_64 1.1 2.54 99.46 102.00 NOTE
r-release-linux-x86_64 1.1 3.05 99.55 102.60 NOTE
r-release-macos-arm64 1.1 29.00 NOTE
r-release-macos-x86_64 1.1 74.00 NOTE
r-release-windows-x86_64 1.1 4.00 172.00 176.00 NOTE
r-oldrel-macos-arm64 1.1 23.00 NOTE
r-oldrel-windows-x86_64 1.1 5.00 166.00 171.00 NOTE

Check Details

Version: 1.1
Check: LazyData
Result: NOTE 'LazyData' is specified without a 'data' directory Flavors: r-devel-linux-x86_64-debian-clang, r-devel-linux-x86_64-debian-gcc, r-devel-linux-x86_64-fedora-clang, r-devel-linux-x86_64-fedora-gcc, r-devel-windows-x86_64, r-patched-linux-x86_64, r-release-linux-x86_64, r-release-macos-arm64, r-release-macos-x86_64, r-release-windows-x86_64, r-oldrel-macos-arm64, r-oldrel-windows-x86_64