Last updated on 2023-02-02 06:54:58 CET.
Flavor | Version | Tinstall | Tcheck | Ttotal | Status | Flags |
---|---|---|---|---|---|---|
r-devel-linux-x86_64-debian-clang | 1.1 | 2.84 | 90.35 | 93.19 | NOTE | |
r-devel-linux-x86_64-debian-gcc | 1.1 | 2.15 | 70.10 | 72.25 | NOTE | |
r-devel-linux-x86_64-fedora-clang | 1.1 | 149.75 | NOTE | |||
r-devel-linux-x86_64-fedora-gcc | 1.1 | 172.77 | NOTE | |||
r-devel-windows-x86_64 | 1.1 | 40.00 | 292.00 | 332.00 | NOTE | |
r-patched-linux-x86_64 | 1.1 | 2.55 | 90.44 | 92.99 | NOTE | |
r-release-linux-x86_64 | 1.1 | 2.75 | 92.81 | 95.56 | NOTE | |
r-release-macos-arm64 | 1.1 | 23.00 | NOTE | |||
r-release-macos-x86_64 | 1.1 | 54.00 | NOTE | |||
r-release-windows-x86_64 | 1.1 | 35.00 | 345.00 | 380.00 | NOTE | |
r-oldrel-macos-arm64 | 1.1 | 26.00 | NOTE | |||
r-oldrel-macos-x86_64 | 1.1 | 35.00 | NOTE | |||
r-oldrel-windows-ix86+x86_64 | 1.1 | 6.00 | 157.00 | 163.00 | NOTE |
Version: 1.1
Check: LazyData
Result: NOTE
'LazyData' is specified without a 'data' directory
Flavors: r-devel-linux-x86_64-debian-clang, r-devel-linux-x86_64-debian-gcc, r-devel-linux-x86_64-fedora-clang, r-devel-linux-x86_64-fedora-gcc, r-devel-windows-x86_64, r-patched-linux-x86_64, r-release-linux-x86_64, r-release-macos-arm64, r-release-macos-x86_64, r-release-windows-x86_64, r-oldrel-macos-arm64, r-oldrel-macos-x86_64, r-oldrel-windows-ix86+x86_64