Last updated on 2023-02-04 08:01:20 CET.
Flavor | Version | Tinstall | Tcheck | Ttotal | Status | Flags |
---|---|---|---|---|---|---|
r-devel-linux-x86_64-debian-clang | 0.2.1 | 59.88 | 123.67 | 183.55 | NOTE | |
r-devel-linux-x86_64-debian-gcc | 0.2.1 | 45.37 | 90.27 | 135.64 | NOTE | |
r-devel-linux-x86_64-fedora-clang | 0.2.1 | 240.39 | NOTE | |||
r-devel-linux-x86_64-fedora-gcc | 0.2.1 | 237.32 | NOTE | |||
r-devel-windows-x86_64 | 0.2.1 | 52.00 | 159.00 | 211.00 | NOTE | |
r-patched-linux-x86_64 | 0.2.1 | 50.88 | 131.36 | 182.24 | OK | |
r-release-linux-x86_64 | 0.2.1 | 48.65 | 129.14 | 177.79 | OK | |
r-release-macos-arm64 | 0.2.1 | 96.00 | OK | |||
r-release-macos-x86_64 | 0.2.1 | 147.00 | OK | |||
r-release-windows-x86_64 | 0.2.1 | 59.00 | 179.00 | 238.00 | OK | |
r-oldrel-macos-arm64 | 0.2.1 | 73.00 | OK | |||
r-oldrel-macos-x86_64 | 0.2.1 | 103.00 | OK | |||
r-oldrel-windows-ix86+x86_64 | 0.2.1 | 130.00 | 219.00 | 349.00 | OK |
Version: 0.2.1
Check: C++ specification
Result: NOTE
Specified C++11: please update to current default of C++17
Flavors: r-devel-linux-x86_64-debian-clang, r-devel-linux-x86_64-debian-gcc, r-devel-linux-x86_64-fedora-clang, r-devel-linux-x86_64-fedora-gcc, r-devel-windows-x86_64