Last updated on 2023-01-30 09:54:17 CET.
Flavor | Version | Tinstall | Tcheck | Ttotal | Status | Flags |
---|---|---|---|---|---|---|
r-devel-linux-x86_64-debian-clang | 1.0 | 91.07 | 521.44 | 612.51 | OK | |
r-devel-linux-x86_64-debian-gcc | 1.0 | 77.75 | 385.59 | 463.34 | OK | |
r-devel-linux-x86_64-fedora-clang | 1.0 | 741.61 | NOTE | |||
r-devel-linux-x86_64-fedora-gcc | 1.0 | 770.94 | NOTE | |||
r-devel-windows-x86_64 | 1.0 | 92.00 | 545.00 | 637.00 | OK | |
r-patched-linux-x86_64 | 1.0 | 66.77 | 491.95 | 558.72 | OK | |
r-release-linux-x86_64 | 1.0 | 64.56 | 471.87 | 536.43 | OK | |
r-release-macos-arm64 | 1.0 | 162.00 | NOTE | |||
r-release-macos-x86_64 | 1.0 | 242.00 | NOTE | |||
r-release-windows-x86_64 | 1.0 | 99.00 | 556.00 | 655.00 | OK | |
r-oldrel-macos-arm64 | 1.0 | 167.00 | NOTE | |||
r-oldrel-macos-x86_64 | 1.0 | 219.00 | NOTE | |||
r-oldrel-windows-ix86+x86_64 | 1.0 | 187.00 | 662.00 | 849.00 | OK |
Version: 1.0
Check: dependencies in R code
Result: NOTE
Namespaces in Imports field not imported from:
‘knitr’ ‘qlcMatrix’
All declared Imports should be used.
Flavors: r-devel-linux-x86_64-fedora-clang, r-devel-linux-x86_64-fedora-gcc, r-release-macos-arm64, r-release-macos-x86_64, r-oldrel-macos-arm64, r-oldrel-macos-x86_64
Version: 1.0
Check: installed package size
Result: NOTE
installed size is 21.3Mb
sub-directories of 1Mb or more:
doc 1.7Mb
libs 18.7Mb
Flavors: r-release-macos-arm64, r-release-macos-x86_64, r-oldrel-macos-arm64, r-oldrel-macos-x86_64