Last updated on 2023-10-04 07:03:09 CEST.
Flavor | Version | Tinstall | Tcheck | Ttotal | Status | Flags |
---|---|---|---|---|---|---|
r-devel-linux-x86_64-debian-clang | 1.9-0 | 105.88 | 517.16 | 623.04 | OK | |
r-devel-linux-x86_64-debian-gcc | 1.9-0 | 87.05 | 371.68 | 458.73 | OK | |
r-devel-linux-x86_64-fedora-clang | 1.9-0 | 745.81 | OK | |||
r-devel-linux-x86_64-fedora-gcc | 1.9-0 | 741.72 | OK | |||
r-devel-windows-x86_64 | 1.9-0 | 89.00 | 379.00 | 468.00 | OK | |
r-patched-linux-x86_64 | 1.9-0 | 106.01 | 509.86 | 615.87 | OK | |
r-release-linux-x86_64 | 1.9-0 | 105.96 | 521.44 | 627.40 | OK | |
r-release-macos-arm64 | 1.9-0 | 170.00 | OK | |||
r-release-macos-x86_64 | 1.9-0 | 370.00 | NOTE | |||
r-release-windows-x86_64 | 1.9-0 | 119.00 | 478.00 | 597.00 | OK | |
r-oldrel-macos-arm64 | 1.9-0 | 166.00 | OK | |||
r-oldrel-macos-x86_64 | 1.9-0 | 240.00 | OK | |||
r-oldrel-windows-x86_64 | 1.9-0 | 117.00 | 452.00 | 569.00 | OK |
Version: 1.9-0
Check: installed package size
Result: NOTE
installed size is 5.3Mb
sub-directories of 1Mb or more:
R 2.0Mb
libs 2.1Mb
Flavor: r-release-macos-x86_64