CRAN Package Check Results for Package mgcv

Last updated on 2022-11-29 06:50:52 CET.

Flavor Version Tinstall Tcheck Ttotal Status Flags
r-devel-linux-x86_64-debian-clang 1.8-41 104.24 550.18 654.42 WARN
r-devel-linux-x86_64-debian-gcc 1.8-41 84.49 411.42 495.91 OK
r-devel-linux-x86_64-fedora-clang 1.8-41 819.15 WARN
r-devel-linux-x86_64-fedora-gcc 1.8-41 797.28 OK
r-devel-windows-x86_64 1.8-41 170.00 560.00 730.00 OK
r-patched-linux-x86_64 1.8-41 92.13 526.40 618.53 OK
r-release-linux-x86_64 1.8-41 95.62 521.78 617.40 OK
r-release-macos-arm64 1.8-41 200.00 OK
r-release-macos-x86_64 1.8-41 261.00 OK
r-release-windows-x86_64 1.8-41 194.00 572.00 766.00 OK
r-oldrel-macos-arm64 1.8-41 179.00 OK
r-oldrel-macos-x86_64 1.8-41 256.00 OK
r-oldrel-windows-ix86+x86_64 1.8-41 187.00 823.00 1010.00 OK

Check Details

Version: 1.8-41
Check: whether package can be installed
Result: WARN
    Found the following significant warnings:
     matrix.c:172:26: warning: a function declaration without a prototype is deprecated in all versions of C [-Wstrict-prototypes]
Flavors: r-devel-linux-x86_64-debian-clang, r-devel-linux-x86_64-fedora-clang